Last updated on 2025-02-20 14:51:00 CET.
Flavor | Version | Tinstall | Tcheck | Ttotal | Status | Flags |
---|---|---|---|---|---|---|
r-devel-linux-x86_64-debian-clang | 7.5.1 | 29.27 | 183.50 | 212.77 | OK | |
r-devel-linux-x86_64-debian-gcc | 7.5.1 | 24.84 | 116.00 | 140.84 | OK | |
r-devel-linux-x86_64-fedora-clang | 7.5.1 | 363.54 | OK | |||
r-devel-linux-x86_64-fedora-gcc | 7.5.1 | 369.21 | OK | |||
r-devel-macos-arm64 | 7.5.1 | 126.00 | OK | |||
r-devel-macos-x86_64 | 7.5.1 | 292.00 | OK | |||
r-devel-windows-x86_64 | 7.5.1 | 32.00 | 193.00 | 225.00 | OK | |
r-patched-linux-x86_64 | 7.5.1 | 28.35 | 175.29 | 203.64 | OK | |
r-release-linux-x86_64 | 7.5.1 | 27.86 | 179.19 | 207.05 | OK | |
r-release-macos-arm64 | 7.5.1 | 119.00 | NOTE | |||
r-release-macos-x86_64 | 7.5.1 | 192.00 | NOTE | |||
r-release-windows-x86_64 | 7.5.1 | 30.00 | 193.00 | 223.00 | NOTE | |
r-oldrel-macos-arm64 | 7.5.1 | 132.00 | NOTE | |||
r-oldrel-macos-x86_64 | 7.5.1 | 208.00 | NOTE | |||
r-oldrel-windows-x86_64 | 7.5.1 | 41.00 | 234.00 | 275.00 | NOTE |
Version: 7.5.1
Check: installed package size
Result: NOTE
installed size is 6.1Mb
sub-directories of 1Mb or more:
R 6.0Mb
Flavors: r-release-macos-arm64, r-release-macos-x86_64, r-release-windows-x86_64, r-oldrel-macos-arm64, r-oldrel-macos-x86_64, r-oldrel-windows-x86_64