Last updated on 2025-05-11 14:49:24 CEST.
Flavor | Version | Tinstall | Tcheck | Ttotal | Status | Flags |
---|---|---|---|---|---|---|
r-devel-linux-x86_64-debian-clang | 11.3.5.101 | 11.83 | 47.07 | 58.90 | OK | |
r-devel-linux-x86_64-debian-gcc | 11.3.5.101 | 8.12 | 34.31 | 42.43 | OK | |
r-devel-linux-x86_64-fedora-clang | 11.3.5.101 | 89.51 | NOTE | |||
r-devel-linux-x86_64-fedora-gcc | 11.3.5.101 | 98.86 | NOTE | |||
r-devel-windows-x86_64 | 11.3.5.101 | 14.00 | 63.00 | 77.00 | OK | |
r-patched-linux-x86_64 | 11.3.5.101 | 10.81 | 42.44 | 53.25 | OK | |
r-release-linux-x86_64 | 11.3.5.101 | 10.57 | 42.25 | 52.82 | OK | |
r-release-macos-arm64 | 11.3.5.101 | 53.00 | OK | |||
r-release-macos-x86_64 | 11.3.5.101 | 61.00 | OK | |||
r-release-windows-x86_64 | 11.3.5.101 | 13.00 | 62.00 | 75.00 | OK | |
r-oldrel-macos-arm64 | 11.3.5.101 | 34.00 | OK | |||
r-oldrel-macos-x86_64 | 11.3.5.101 | 52.00 | OK | |||
r-oldrel-windows-x86_64 | 11.3.5.101 | 17.00 | 75.00 | 92.00 | OK |
Version: 11.3.5.101
Check: dependencies in R code
Result: NOTE
Namespaces in Imports field not imported from:
‘markdown’ ‘methods’ ‘vctrs’
All declared Imports should be used.
Flavors: r-devel-linux-x86_64-fedora-clang, r-devel-linux-x86_64-fedora-gcc