Last updated on 2024-05-21 02:54:32 CEST.
Flavor | Version | Tinstall | Tcheck | Ttotal | Status | Flags |
---|---|---|---|---|---|---|
r-devel-linux-x86_64-debian-clang | 0.0.0.1 | 1.97 | 30.69 | 32.66 | OK | |
r-devel-linux-x86_64-debian-gcc | 0.0.0.1 | 1.74 | 23.83 | 25.57 | OK | |
r-devel-linux-x86_64-fedora-clang | 0.0.0.1 | 44.01 | NOTE | |||
r-devel-linux-x86_64-fedora-gcc | 0.0.0.1 | 52.00 | NOTE | |||
r-devel-windows-x86_64 | 0.0.0.1 | 3.00 | 47.00 | 50.00 | OK | |
r-patched-linux-x86_64 | 0.0.0.1 | 1.99 | 30.14 | 32.13 | OK | |
r-release-linux-x86_64 | 0.0.0.1 | 1.79 | 29.85 | 31.64 | OK | |
r-release-macos-arm64 | 0.0.0.1 | 23.00 | OK | |||
r-release-windows-x86_64 | 0.0.0.1 | 3.00 | 47.00 | 50.00 | OK | |
r-oldrel-macos-arm64 | 0.0.0.1 | 24.00 | OK | |||
r-oldrel-macos-x86_64 | 0.0.0.1 | 60.00 | OK | |||
r-oldrel-windows-x86_64 | 0.0.0.1 | 3.00 | 50.00 | 53.00 | OK |
Version: 0.0.0.1
Check: data for non-ASCII characters
Result: NOTE
Note: found 303 marked UTF-8 strings
Flavors: r-devel-linux-x86_64-fedora-clang, r-devel-linux-x86_64-fedora-gcc