Last updated on 2025-02-20 14:51:00 CET.
Flavor | Version | Tinstall | Tcheck | Ttotal | Status | Flags |
---|---|---|---|---|---|---|
r-devel-linux-x86_64-debian-clang | 1.1.21 | 16.75 | 108.16 | 124.91 | NOTE | |
r-devel-linux-x86_64-debian-gcc | 1.1.21 | 10.20 | 74.15 | 84.35 | NOTE | |
r-devel-linux-x86_64-fedora-clang | 1.1.21 | 203.72 | NOTE | |||
r-devel-linux-x86_64-fedora-gcc | 1.1.21 | 186.37 | NOTE | |||
r-devel-macos-arm64 | 1.1.21 | 50.00 | NOTE | |||
r-devel-macos-x86_64 | 1.1.21 | 107.00 | NOTE | |||
r-devel-windows-x86_64 | 1.1.21 | 15.00 | 109.00 | 124.00 | NOTE | |
r-patched-linux-x86_64 | 1.1.21 | 16.72 | 99.49 | 116.21 | NOTE | |
r-release-linux-x86_64 | 1.1.21 | 15.15 | 97.28 | 112.43 | NOTE | |
r-release-macos-arm64 | 1.1.21 | 51.00 | NOTE | |||
r-release-macos-x86_64 | 1.1.21 | 72.00 | NOTE | |||
r-release-windows-x86_64 | 1.1.21 | 15.00 | 106.00 | 121.00 | NOTE | |
r-oldrel-macos-arm64 | 1.1.21 | 57.00 | OK | |||
r-oldrel-macos-x86_64 | 1.1.21 | 91.00 | OK | |||
r-oldrel-windows-x86_64 | 1.1.21 | 21.00 | 147.00 | 168.00 | OK |
Version: 1.1.21
Check: Rd files
Result: NOTE
checkRd: (-1) coef.mdf.Rd:17: Lost braces; missing escapes or markup?
17 | \item{type}{: Argument that controls the type of parameters to be returned. If \code{type="persons"} (default), a vector with the person parameters is returned. When \code{type="items"} then a vector with the item ranks obtained by the MUDFOLD item selection algorithm is returned. If {type="all"} then a list with both person and item coefficients is returned to the user.
| ^
Flavors: r-devel-linux-x86_64-debian-clang, r-devel-linux-x86_64-debian-gcc, r-devel-linux-x86_64-fedora-clang, r-devel-linux-x86_64-fedora-gcc, r-devel-macos-arm64, r-devel-macos-x86_64, r-devel-windows-x86_64, r-patched-linux-x86_64, r-release-linux-x86_64, r-release-macos-arm64, r-release-macos-x86_64, r-release-windows-x86_64