CRAN Package Check Results for Package mueRelativeRisk

Last updated on 2025-02-21 02:52:19 CET.

Flavor Version Tinstall Tcheck Ttotal Status Flags
r-devel-linux-x86_64-debian-clang 0.1.1 1.59 21.30 22.89 OK
r-devel-linux-x86_64-debian-gcc 0.1.1 1.28 17.45 18.73 OK
r-devel-linux-x86_64-fedora-clang 0.1.1 39.88 OK
r-devel-linux-x86_64-fedora-gcc 0.1.1 49.64 OK
r-devel-macos-arm64 0.1.1 24.00 OK
r-devel-macos-x86_64 0.1.1 52.00 OK
r-devel-windows-x86_64 0.1.1 3.00 50.00 53.00 OK
r-patched-linux-x86_64 0.1.1 1.13 20.35 21.48 NOTE
r-release-linux-x86_64 0.1.1 1.33 20.39 21.72 NOTE
r-release-macos-arm64 0.1.1 21.00 NOTE
r-release-macos-x86_64 0.1.1 36.00 NOTE
r-release-windows-x86_64 0.1.1 2.00 49.00 51.00 NOTE
r-oldrel-macos-arm64 0.1.1 22.00 NOTE
r-oldrel-macos-x86_64 0.1.1 31.00 NOTE
r-oldrel-windows-x86_64 0.1.1 3.00 61.00 64.00 NOTE

Check Details

Version: 0.1.1
Check: LazyData
Result: NOTE 'LazyData' is specified without a 'data' directory Flavors: r-patched-linux-x86_64, r-release-linux-x86_64, r-release-macos-arm64, r-release-macos-x86_64, r-release-windows-x86_64, r-oldrel-macos-arm64, r-oldrel-macos-x86_64, r-oldrel-windows-x86_64