Last updated on 2025-02-21 02:52:19 CET.
Flavor | Version | Tinstall | Tcheck | Ttotal | Status | Flags |
---|---|---|---|---|---|---|
r-devel-linux-x86_64-debian-clang | 1.6.2 | 14.06 | 274.78 | 288.84 | OK | |
r-devel-linux-x86_64-debian-gcc | 1.6.2 | 8.88 | 196.15 | 205.03 | OK | |
r-devel-linux-x86_64-fedora-clang | 1.6.2 | 456.40 | OK | |||
r-devel-linux-x86_64-fedora-gcc | 1.6.2 | 506.66 | OK | |||
r-devel-macos-arm64 | 1.6.2 | 180.00 | OK | |||
r-devel-macos-x86_64 | 1.6.2 | 464.00 | OK | |||
r-devel-windows-x86_64 | 1.6.2 | 14.00 | 462.00 | 476.00 | OK | |
r-patched-linux-x86_64 | 1.6.2 | 13.66 | 267.20 | 280.86 | OK | |
r-release-linux-x86_64 | 1.6.2 | 12.36 | 266.19 | 278.55 | OK | |
r-release-macos-arm64 | 1.6.2 | 188.00 | OK | |||
r-release-macos-x86_64 | 1.6.2 | 337.00 | OK | |||
r-release-windows-x86_64 | 1.6.2 | 15.00 | 485.00 | 500.00 | OK | |
r-oldrel-macos-arm64 | 1.6.2 | 175.00 | NOTE | |||
r-oldrel-macos-x86_64 | 1.6.2 | 454.00 | OK | |||
r-oldrel-windows-x86_64 | 1.6.2 | 21.00 | 493.00 | 514.00 | OK |
Version: 1.6.2
Check: installed package size
Result: NOTE
installed size is 5.0Mb
sub-directories of 1Mb or more:
data 4.4Mb
Flavor: r-oldrel-macos-arm64