Last updated on 2025-02-21 02:52:19 CET.
Flavor | Version | Tinstall | Tcheck | Ttotal | Status | Flags |
---|---|---|---|---|---|---|
r-devel-linux-x86_64-debian-clang | 0.4.3 | 17.13 | 174.92 | 192.05 | OK | |
r-devel-linux-x86_64-debian-gcc | 0.4.3 | 10.72 | 122.34 | 133.06 | OK | |
r-devel-linux-x86_64-fedora-clang | 0.4.3 | 307.65 | OK | |||
r-devel-linux-x86_64-fedora-gcc | 0.4.3 | 308.82 | OK | |||
r-devel-macos-arm64 | 0.4.3 | 237.00 | OK | |||
r-devel-macos-x86_64 | 0.4.3 | 447.00 | OK | |||
r-devel-windows-x86_64 | 0.4.3 | 17.00 | 163.00 | 180.00 | OK | |
r-patched-linux-x86_64 | 0.4.3 | 15.81 | 163.13 | 178.94 | OK | |
r-release-linux-x86_64 | 0.4.3 | 15.98 | 162.49 | 178.47 | OK | |
r-release-macos-arm64 | 0.4.3 | 149.00 | NOTE | |||
r-release-macos-x86_64 | 0.4.3 | 127.00 | OK | |||
r-release-windows-x86_64 | 0.4.3 | 16.00 | 161.00 | 177.00 | OK | |
r-oldrel-macos-arm64 | 0.4.3 | 210.00 | NOTE | |||
r-oldrel-macos-x86_64 | 0.4.3 | 378.00 | NOTE | |||
r-oldrel-windows-x86_64 | 0.4.3 | 22.00 | 200.00 | 222.00 | OK |
Version: 0.4.3
Check: package dependencies
Result: NOTE
Package suggested but not available for checking: ‘leukemiasEset’
Flavor: r-release-macos-arm64
Version: 0.4.3
Check: package dependencies
Result: NOTE
Packages suggested but not available for checking:
'switchBox', 'leukemiasEset'
Flavors: r-oldrel-macos-arm64, r-oldrel-macos-x86_64