Last updated on 2024-05-21 14:57:17 CEST.
Flavor | Version | Tinstall | Tcheck | Ttotal | Status | Flags |
---|---|---|---|---|---|---|
r-devel-linux-x86_64-debian-clang | 0.1.1 | 113.56 | 56.21 | 169.77 | OK | |
r-devel-linux-x86_64-debian-gcc | 0.1.1 | 75.37 | 41.33 | 116.70 | OK | |
r-devel-linux-x86_64-fedora-clang | 0.1.1 | 241.23 | OK | |||
r-devel-linux-x86_64-fedora-gcc | 0.1.1 | 238.31 | OK | |||
r-devel-windows-x86_64 | 0.1.1 | 85.00 | 87.00 | 172.00 | OK | |
r-patched-linux-x86_64 | 0.1.1 | 107.96 | 53.60 | 161.56 | OK | |
r-release-linux-x86_64 | 0.1.1 | 112.68 | 53.67 | 166.35 | OK | |
r-release-macos-arm64 | 0.1.1 | 50.00 | OK | |||
r-release-windows-x86_64 | 0.1.1 | 85.00 | 88.00 | 173.00 | OK | |
r-oldrel-macos-arm64 | 0.1.1 | 129.00 | NOTE | |||
r-oldrel-macos-x86_64 | 0.1.1 | 62.00 | OK | |||
r-oldrel-windows-x86_64 | 0.1.1 | 100.00 | 103.00 | 203.00 | OK |
Version: 0.1.1
Check: installed package size
Result: NOTE
installed size is 5.1Mb
sub-directories of 1Mb or more:
libs 4.9Mb
Flavor: r-oldrel-macos-arm64