Last updated on 2025-05-15 14:48:42 CEST.
Flavor | Version | Tinstall | Tcheck | Ttotal | Status | Flags |
---|---|---|---|---|---|---|
r-devel-linux-x86_64-debian-clang | 0.8.0 | 1742.55 | 449.11 | 2191.66 | OK | |
r-devel-linux-x86_64-debian-gcc | 0.8.0 | 1455.63 | 394.70 | 1850.33 | OK | |
r-devel-linux-x86_64-fedora-clang | 0.8.0 | 3117.52 | OK | |||
r-devel-linux-x86_64-fedora-gcc | 0.8.0 | 4856.05 | OK | |||
r-devel-windows-x86_64 | 0.8.0 | 1551.00 | 559.00 | 2110.00 | OK | |
r-patched-linux-x86_64 | 0.8.0 | 1770.15 | 549.25 | 2319.40 | OK | |
r-release-linux-x86_64 | 0.8.0 | 1815.80 | 551.91 | 2367.71 | OK | |
r-release-macos-arm64 | 0.8.0 | 853.00 | OK | |||
r-release-macos-x86_64 | 0.8.0 | 703.00 | OK | |||
r-release-windows-x86_64 | 0.8.0 | 1536.00 | 553.00 | 2089.00 | OK | |
r-oldrel-macos-arm64 | 0.8.0 | 587.00 | NOTE | |||
r-oldrel-macos-x86_64 | 0.8.0 | 733.00 | NOTE | |||
r-oldrel-windows-x86_64 | 0.8.0 | 1905.00 | 708.00 | 2613.00 | NOTE |
Version: 0.8.0
Check: installed package size
Result: NOTE
installed size is 285.2Mb
sub-directories of 1Mb or more:
R 2.0Mb
doc 4.6Mb
libs 277.8Mb
Flavors: r-oldrel-macos-arm64, r-oldrel-macos-x86_64, r-oldrel-windows-x86_64
Version: 0.8.0
Check: for GNU extensions in Makefiles
Result: NOTE
GNU make is a SystemRequirements.
Flavors: r-oldrel-macos-arm64, r-oldrel-macos-x86_64, r-oldrel-windows-x86_64