Last updated on 2024-05-21 14:57:17 CEST.
Flavor | Version | Tinstall | Tcheck | Ttotal | Status | Flags |
---|---|---|---|---|---|---|
r-devel-linux-x86_64-debian-clang | 1.0.0 | 192.11 | 135.85 | 327.96 | NOTE | |
r-devel-linux-x86_64-debian-gcc | 1.0.0 | 166.69 | 111.52 | 278.21 | NOTE | |
r-devel-linux-x86_64-fedora-clang | 1.0.0 | 417.30 | NOTE | |||
r-devel-linux-x86_64-fedora-gcc | 1.0.0 | 500.99 | NOTE | |||
r-devel-windows-x86_64 | 1.0.0 | 154.00 | 128.00 | 282.00 | NOTE | |
r-patched-linux-x86_64 | 1.0.0 | 155.85 | 140.46 | 296.31 | NOTE | |
r-release-linux-x86_64 | 1.0.0 | 156.37 | 145.66 | 302.03 | NOTE | |
r-release-macos-arm64 | 1.0.0 | 101.00 | NOTE | |||
r-release-windows-x86_64 | 1.0.0 | 146.00 | 130.00 | 276.00 | NOTE | |
r-oldrel-macos-arm64 | 1.0.0 | 106.00 | NOTE | |||
r-oldrel-macos-x86_64 | 1.0.0 | 225.00 | NOTE | |||
r-oldrel-windows-x86_64 | 1.0.0 | 191.00 | 159.00 | 350.00 | NOTE |
Version: 1.0.0
Check: for GNU extensions in Makefiles
Result: NOTE
GNU make is a SystemRequirements.
Flavors: r-devel-linux-x86_64-debian-clang, r-devel-linux-x86_64-debian-gcc, r-devel-linux-x86_64-fedora-clang, r-devel-linux-x86_64-fedora-gcc, r-devel-windows-x86_64, r-patched-linux-x86_64, r-release-linux-x86_64, r-release-macos-arm64, r-release-windows-x86_64, r-oldrel-macos-arm64, r-oldrel-macos-x86_64, r-oldrel-windows-x86_64
Version: 1.0.0
Check: installed package size
Result: NOTE
installed size is 42.6Mb
sub-directories of 1Mb or more:
libs 42.4Mb
Flavors: r-release-macos-arm64, r-oldrel-macos-arm64, r-oldrel-macos-x86_64