Last updated on 2025-02-18 02:50:43 CET.
Flavor | Version | Tinstall | Tcheck | Ttotal | Status | Flags |
---|---|---|---|---|---|---|
r-devel-linux-x86_64-debian-clang | 0.1.0 | 1.95 | 19.84 | 21.79 | OK | |
r-devel-linux-x86_64-debian-gcc | 0.1.0 | 1.16 | 15.81 | 16.97 | OK | |
r-devel-linux-x86_64-fedora-clang | 0.1.0 | 35.26 | OK | |||
r-devel-linux-x86_64-fedora-gcc | 0.1.0 | 33.31 | OK | |||
r-devel-macos-arm64 | 0.1.0 | 18.00 | OK | |||
r-devel-macos-x86_64 | 0.1.0 | 27.00 | OK | |||
r-devel-windows-x86_64 | 0.1.0 | 3.00 | 42.00 | 45.00 | OK | |
r-patched-linux-x86_64 | 0.1.0 | 1.76 | 19.08 | 20.84 | NOTE | |
r-release-linux-x86_64 | 0.1.0 | 1.79 | 18.75 | 20.54 | NOTE | |
r-release-macos-arm64 | 0.1.0 | 16.00 | NOTE | |||
r-release-macos-x86_64 | 0.1.0 | 22.00 | NOTE | |||
r-release-windows-x86_64 | 0.1.0 | 3.00 | 41.00 | 44.00 | NOTE | |
r-oldrel-macos-arm64 | 0.1.0 | 18.00 | NOTE | |||
r-oldrel-macos-x86_64 | 0.1.0 | 21.00 | NOTE | |||
r-oldrel-windows-x86_64 | 0.1.0 | 4.00 | 49.00 | 53.00 | NOTE |
Version: 0.1.0
Check: LazyData
Result: NOTE
'LazyData' is specified without a 'data' directory
Flavors: r-patched-linux-x86_64, r-release-linux-x86_64, r-release-macos-arm64, r-release-macos-x86_64, r-release-windows-x86_64, r-oldrel-macos-arm64, r-oldrel-macos-x86_64, r-oldrel-windows-x86_64