Last updated on 2025-02-21 02:52:19 CET.
Flavor | Version | Tinstall | Tcheck | Ttotal | Status | Flags |
---|---|---|---|---|---|---|
r-devel-linux-x86_64-debian-clang | 1.1.3 | 57.88 | 290.27 | 348.15 | OK | |
r-devel-linux-x86_64-debian-gcc | 1.1.4 | 65.78 | 219.78 | 285.56 | OK | |
r-devel-linux-x86_64-fedora-clang | 1.1.4 | 654.37 | OK | |||
r-devel-linux-x86_64-fedora-gcc | 1.1.4 | 695.94 | OK | |||
r-devel-macos-arm64 | 1.1.3 | 142.00 | OK | |||
r-devel-macos-x86_64 | 1.1.4 | 235.00 | OK | |||
r-devel-windows-x86_64 | 1.1.3 | 57.00 | 292.00 | 349.00 | OK | |
r-patched-linux-x86_64 | 1.1.3 | 51.76 | 276.02 | 327.78 | NOTE | |
r-release-linux-x86_64 | 1.1.4 | 81.38 | 303.00 | 384.38 | NOTE | |
r-release-macos-arm64 | 1.1.3 | 157.00 | NOTE | |||
r-release-macos-x86_64 | 1.1.4 | 303.00 | NOTE | |||
r-release-windows-x86_64 | 1.1.4 | 75.00 | 289.00 | 364.00 | NOTE | |
r-oldrel-macos-arm64 | 1.1.3 | 182.00 | NOTE | |||
r-oldrel-macos-x86_64 | 1.1.4 | 371.00 | NOTE | |||
r-oldrel-windows-x86_64 | 1.1.3 | 76.00 | 377.00 | 453.00 | NOTE |
Version: 1.1.3
Check: package dependencies
Result: NOTE
Package suggested but not available for checking: ‘cmdstanr’
Flavors: r-patched-linux-x86_64, r-release-macos-arm64, r-oldrel-macos-arm64, r-oldrel-windows-x86_64
Version: 1.1.3
Check: Rd cross-references
Result: NOTE
Package unavailable to check Rd xrefs: ‘cmdstanr’
Flavors: r-patched-linux-x86_64, r-release-macos-arm64, r-oldrel-macos-arm64, r-oldrel-windows-x86_64
Version: 1.1.4
Check: package dependencies
Result: NOTE
Package suggested but not available for checking: ‘cmdstanr’
Flavors: r-release-linux-x86_64, r-release-macos-x86_64, r-release-windows-x86_64, r-oldrel-macos-x86_64
Version: 1.1.3
Check: installed package size
Result: NOTE
installed size is 6.6Mb
sub-directories of 1Mb or more:
R 1.9Mb
doc 2.0Mb
libs 1.8Mb
Flavors: r-release-macos-arm64, r-oldrel-macos-arm64, r-oldrel-windows-x86_64
Version: 1.1.4
Check: installed package size
Result: NOTE
installed size is 13.9Mb
sub-directories of 1Mb or more:
R 9.1Mb
doc 2.0Mb
libs 1.8Mb
Flavors: r-release-macos-x86_64, r-release-windows-x86_64, r-oldrel-macos-x86_64