Last updated on 2025-05-14 14:50:00 CEST.
Flavor | Version | Tinstall | Tcheck | Ttotal | Status | Flags |
---|---|---|---|---|---|---|
r-devel-linux-x86_64-debian-clang | 1.6 | 5.72 | 45.15 | 50.87 | NOTE | |
r-devel-linux-x86_64-debian-gcc | 1.6 | 4.05 | 33.23 | 37.28 | NOTE | |
r-devel-linux-x86_64-fedora-clang | 1.6 | 80.41 | OK | |||
r-devel-linux-x86_64-fedora-gcc | 1.6 | 78.30 | OK | |||
r-devel-windows-x86_64 | 1.6 | 8.00 | 61.00 | 69.00 | OK | |
r-patched-linux-x86_64 | 1.6 | 5.10 | 42.56 | 47.66 | OK | |
r-release-linux-x86_64 | 1.6 | 4.53 | 42.86 | 47.39 | OK | |
r-release-macos-arm64 | 1.6 | 25.00 | OK | |||
r-release-macos-x86_64 | 1.6 | 40.00 | OK | |||
r-release-windows-x86_64 | 1.6 | 8.00 | 63.00 | 71.00 | OK | |
r-oldrel-macos-arm64 | 1.6 | 24.00 | OK | |||
r-oldrel-macos-x86_64 | 1.6 | 35.00 | OK | |||
r-oldrel-windows-x86_64 | 1.6 | 9.00 | 73.00 | 82.00 | OK |
Version: 1.6
Check: CRAN incoming feasibility
Result: NOTE
Maintainer: ‘John P. Nolan <jpnolan@american.edu>’
No Authors@R field in DESCRIPTION.
Please add one, modifying
Authors@R: person(given = c("John", "P."),
family = "Nolan",
role = c("aut", "cre"),
email = "jpnolan@american.edu")
as necessary.
Flavors: r-devel-linux-x86_64-debian-clang, r-devel-linux-x86_64-debian-gcc