Last updated on 2025-02-21 02:52:19 CET.
Flavor | Version | Tinstall | Tcheck | Ttotal | Status | Flags |
---|---|---|---|---|---|---|
r-devel-linux-x86_64-debian-clang | 1.0.0 | 9.15 | 96.34 | 105.49 | NOTE | |
r-devel-linux-x86_64-debian-gcc | 1.0.0 | 6.53 | 66.09 | 72.62 | NOTE | |
r-devel-linux-x86_64-fedora-clang | 1.0.0 | 162.43 | OK | |||
r-devel-linux-x86_64-fedora-gcc | 1.0.0 | 156.25 | OK | |||
r-devel-macos-arm64 | 1.0.0 | 43.00 | OK | |||
r-devel-macos-x86_64 | 1.0.0 | 100.00 | OK | |||
r-devel-windows-x86_64 | 1.0.0 | 9.00 | 106.00 | 115.00 | NOTE | |
r-patched-linux-x86_64 | 1.0.0 | 8.43 | 90.15 | 98.58 | OK | |
r-release-linux-x86_64 | 1.0.0 | 7.28 | 91.01 | 98.29 | OK | |
r-release-macos-arm64 | 1.0.0 | 43.00 | OK | |||
r-release-macos-x86_64 | 1.0.0 | 84.00 | OK | |||
r-release-windows-x86_64 | 1.0.0 | 9.00 | 99.00 | 108.00 | OK | |
r-oldrel-macos-arm64 | 1.0.0 | 46.00 | OK | |||
r-oldrel-macos-x86_64 | 1.0.0 | 83.00 | OK | |||
r-oldrel-windows-x86_64 | 1.0.0 | 9.00 | 119.00 | 128.00 | OK |
Version: 1.0.0
Check: Rd cross-references
Result: NOTE
Found the following Rd file(s) with Rd \link{} targets missing package
anchors:
mardia.Rd: mvn
mhz.Rd: mvn
msk.Rd: mvn
msw.Rd: mvn
Please provide package anchors for all Rd \link{} targets not in the
package itself and the base packages.
Flavors: r-devel-linux-x86_64-debian-clang, r-devel-linux-x86_64-debian-gcc, r-devel-windows-x86_64