CRAN Package Check Results for Package mvpd

Last updated on 2025-02-21 02:52:19 CET.

Flavor Version Tinstall Tcheck Ttotal Status Flags
r-devel-linux-x86_64-debian-clang 0.0.4 6.88 61.00 67.88 NOTE
r-devel-linux-x86_64-debian-gcc 0.0.4 4.78 47.42 52.20 NOTE
r-devel-linux-x86_64-fedora-clang 0.0.4 104.18 NOTE
r-devel-linux-x86_64-fedora-gcc 0.0.4 98.94 NOTE
r-devel-macos-arm64 0.0.4 33.00 NOTE
r-devel-macos-x86_64 0.0.4 62.00 NOTE
r-devel-windows-x86_64 0.0.4 7.00 76.00 83.00 NOTE
r-patched-linux-x86_64 0.0.4 6.99 58.68 65.67 NOTE
r-release-linux-x86_64 0.0.4 6.48 58.18 64.66 NOTE
r-release-macos-arm64 0.0.4 32.00 NOTE
r-release-macos-x86_64 0.0.4 48.00 NOTE
r-release-windows-x86_64 0.0.4 7.00 73.00 80.00 NOTE
r-oldrel-macos-arm64 0.0.4 40.00 OK
r-oldrel-macos-x86_64 0.0.4 84.00 OK
r-oldrel-windows-x86_64 0.0.4 9.00 99.00 108.00 OK

Check Details

Version: 0.0.4
Check: Rd files
Result: NOTE checkRd: (-1) dmvss.Rd:92: Lost braces in \itemize; \value handles \item{}{} directly checkRd: (-1) dmvss.Rd:93: Lost braces in \itemize; \value handles \item{}{} directly checkRd: (-1) dmvss.Rd:94: Lost braces in \itemize; \value handles \item{}{} directly checkRd: (-1) dmvss.Rd:95: Lost braces in \itemize; \value handles \item{}{} directly checkRd: (-1) dmvss.Rd:96: Lost braces in \itemize; \value handles \item{}{} directly checkRd: (-1) pmvss.Rd:97: Lost braces in \itemize; \value handles \item{}{} directly checkRd: (-1) pmvss.Rd:98: Lost braces in \itemize; \value handles \item{}{} directly checkRd: (-1) pmvss.Rd:99: Lost braces in \itemize; \value handles \item{}{} directly checkRd: (-1) pmvss.Rd:100: Lost braces in \itemize; \value handles \item{}{} directly checkRd: (-1) pmvss.Rd:101: Lost braces in \itemize; \value handles \item{}{} directly Flavors: r-devel-linux-x86_64-debian-clang, r-devel-linux-x86_64-debian-gcc, r-devel-linux-x86_64-fedora-clang, r-devel-linux-x86_64-fedora-gcc, r-devel-macos-arm64, r-devel-macos-x86_64, r-devel-windows-x86_64, r-patched-linux-x86_64, r-release-linux-x86_64, r-release-macos-arm64, r-release-macos-x86_64, r-release-windows-x86_64