Last updated on 2025-02-21 02:52:19 CET.
Flavor | Version | Tinstall | Tcheck | Ttotal | Status | Flags |
---|---|---|---|---|---|---|
r-devel-linux-x86_64-debian-clang | 0.1.9 | 83.26 | 88.68 | 171.94 | OK | |
r-devel-linux-x86_64-debian-gcc | 0.1.9 | 60.18 | 63.84 | 124.02 | OK | |
r-devel-linux-x86_64-fedora-clang | 0.1.9 | 328.04 | OK | |||
r-devel-linux-x86_64-fedora-gcc | 0.1.9 | 313.90 | OK | |||
r-devel-macos-arm64 | 0.1.9 | 73.00 | OK | |||
r-devel-macos-x86_64 | 0.1.9 | 121.00 | OK | |||
r-devel-windows-x86_64 | 0.1.9 | 95.00 | 127.00 | 222.00 | OK | |
r-patched-linux-x86_64 | 0.1.9 | 82.95 | 84.43 | 167.38 | OK | |
r-release-linux-x86_64 | 0.1.9 | 84.50 | 85.38 | 169.88 | OK | |
r-release-macos-arm64 | 0.1.9 | 78.00 | NOTE | |||
r-release-macos-x86_64 | 0.1.9 | 105.00 | NOTE | |||
r-release-windows-x86_64 | 0.1.9 | 100.00 | 126.00 | 226.00 | OK | |
r-oldrel-macos-arm64 | 0.1.9 | 77.00 | NOTE | |||
r-oldrel-macos-x86_64 | 0.1.9 | 109.00 | NOTE | |||
r-oldrel-windows-x86_64 | 0.1.9 | 107.00 | 157.00 | 264.00 | OK |
Version: 0.1.9
Check: package dependencies
Result: NOTE
Package suggested but not available for checking: ‘DLBCL’
Flavor: r-release-macos-arm64
Version: 0.1.9
Check: installed package size
Result: NOTE
installed size is 9.6Mb
sub-directories of 1Mb or more:
java 2.5Mb
libs 6.6Mb
Flavors: r-release-macos-arm64, r-release-macos-x86_64, r-oldrel-macos-arm64, r-oldrel-macos-x86_64
Version: 0.1.9
Check: package dependencies
Result: NOTE
Packages suggested but not available for checking: 'BioNet', 'DLBCL'
Flavors: r-release-macos-x86_64, r-oldrel-macos-arm64, r-oldrel-macos-x86_64