CRAN Package Check Results for Package mwshiny

Last updated on 2025-02-21 02:52:19 CET.

Flavor Version Tinstall Tcheck Ttotal Status Flags
r-devel-linux-x86_64-debian-clang 2.1.0 3.66 37.32 40.98 OK
r-devel-linux-x86_64-debian-gcc 2.1.0 2.89 28.43 31.32 OK
r-devel-linux-x86_64-fedora-clang 2.1.0 65.48 OK
r-devel-linux-x86_64-fedora-gcc 2.1.0 76.03 OK
r-devel-macos-arm64 2.1.0 39.00 OK
r-devel-macos-x86_64 2.1.0 53.00 OK
r-devel-windows-x86_64 2.1.0 4.00 57.00 61.00 OK
r-patched-linux-x86_64 2.1.0 3.52 35.71 39.23 NOTE
r-release-linux-x86_64 2.1.0 3.19 35.49 38.68 NOTE
r-release-macos-arm64 2.1.0 32.00 NOTE
r-release-macos-x86_64 2.1.0 45.00 NOTE
r-release-windows-x86_64 2.1.0 5.00 56.00 61.00 NOTE
r-oldrel-macos-arm64 2.1.0 33.00 NOTE
r-oldrel-macos-x86_64 2.1.0 47.00 NOTE
r-oldrel-windows-x86_64 2.1.0 6.00 67.00 73.00 NOTE

Check Details

Version: 2.1.0
Check: LazyData
Result: NOTE 'LazyData' is specified without a 'data' directory Flavors: r-patched-linux-x86_64, r-release-linux-x86_64, r-release-macos-arm64, r-release-macos-x86_64, r-release-windows-x86_64, r-oldrel-macos-arm64, r-oldrel-macos-x86_64, r-oldrel-windows-x86_64