Last updated on 2024-05-21 14:57:17 CEST.
Flavor | Version | Tinstall | Tcheck | Ttotal | Status | Flags |
---|---|---|---|---|---|---|
r-devel-linux-x86_64-debian-clang | 0.9.3 | 35.37 | 193.86 | 229.23 | NOTE | |
r-devel-linux-x86_64-debian-gcc | 0.9.3 | 22.66 | 151.78 | 174.44 | NOTE | |
r-devel-linux-x86_64-fedora-clang | 0.9.3 | 344.11 | NOTE | |||
r-devel-linux-x86_64-fedora-gcc | 0.9.3 | 330.85 | NOTE | |||
r-devel-windows-x86_64 | 0.9.3 | 32.00 | 202.00 | 234.00 | NOTE | |
r-patched-linux-x86_64 | 0.9.3 | 35.89 | 189.49 | 225.38 | NOTE | |
r-release-linux-x86_64 | 0.9.3 | 29.24 | 190.22 | 219.46 | NOTE | |
r-release-macos-arm64 | 0.9.3 | 111.00 | NOTE | |||
r-release-macos-x86_64 | 0.9.3 | 187.00 | NOTE | |||
r-release-windows-x86_64 | 0.9.3 | 33.00 | 201.00 | 234.00 | NOTE | |
r-oldrel-macos-arm64 | 0.9.3 | 120.00 | NOTE | |||
r-oldrel-macos-x86_64 | 0.9.3 | 187.00 | NOTE | |||
r-oldrel-windows-x86_64 | 0.9.3 | 38.00 | 241.00 | 279.00 | NOTE |
Version: 0.9.3
Check: C++ specification
Result: NOTE
Specified C++11: please drop specification unless essential
Flavors: r-devel-linux-x86_64-debian-clang, r-devel-linux-x86_64-debian-gcc, r-devel-linux-x86_64-fedora-clang, r-devel-linux-x86_64-fedora-gcc, r-devel-windows-x86_64, r-patched-linux-x86_64, r-release-linux-x86_64, r-release-macos-arm64, r-release-macos-x86_64, r-release-windows-x86_64, r-oldrel-macos-arm64, r-oldrel-macos-x86_64, r-oldrel-windows-x86_64