Last updated on 2025-02-21 02:52:19 CET.
Flavor | Version | Tinstall | Tcheck | Ttotal | Status | Flags |
---|---|---|---|---|---|---|
r-devel-linux-x86_64-debian-clang | 1.8.24 | 14.53 | 143.46 | 157.99 | NOTE | |
r-devel-linux-x86_64-debian-gcc | 1.8.24 | 9.84 | 103.22 | 113.06 | NOTE | |
r-devel-linux-x86_64-fedora-clang | 1.8.24 | 249.41 | OK | |||
r-devel-linux-x86_64-fedora-gcc | 1.8.24 | 253.69 | OK | |||
r-devel-macos-arm64 | 1.8.24 | 77.00 | OK | |||
r-devel-macos-x86_64 | 1.8.24 | 162.00 | OK | |||
r-devel-windows-x86_64 | 1.8.24 | 19.00 | 176.00 | 195.00 | NOTE | |
r-patched-linux-x86_64 | 1.8.24 | 23.89 | 132.81 | 156.70 | OK | |
r-release-linux-x86_64 | 1.8.24 | 12.51 | 133.84 | 146.35 | OK | |
r-release-macos-arm64 | 1.8.24 | 77.00 | OK | |||
r-release-macos-x86_64 | 1.8.24 | 143.00 | OK | |||
r-release-windows-x86_64 | 1.8.24 | 18.00 | 173.00 | 191.00 | OK | |
r-oldrel-macos-arm64 | 1.8.24 | 119.00 | OK | |||
r-oldrel-macos-x86_64 | 1.8.24 | 154.00 | OK | |||
r-oldrel-windows-x86_64 | 1.8.24 | 24.00 | 203.00 | 227.00 | OK |
Version: 1.8.24
Check: Rd cross-references
Result: NOTE
Found the following Rd file(s) with Rd \link{} targets missing package
anchors:
as.mesh3d.Rd: rgl
boundingbox.Rd: mesh3d
cmtk.reformatx.Rd: RunCmdForNewerInput, makelock
find.neuron.Rd: select3d
find.soma.Rd: select3d
nat-package.Rd: igraph, select3d, rgl
ndigest.Rd: digest
neuron.Rd: dfs
ngraph.Rd: igraph
nopen3d.Rd: open3d
nview3d.Rd: view3d
pan3d.Rd: rgl.setMouseCallbacks
seglist.Rd: igraph
Please provide package anchors for all Rd \link{} targets not in the
package itself and the base packages.
Flavors: r-devel-linux-x86_64-debian-clang, r-devel-linux-x86_64-debian-gcc, r-devel-windows-x86_64