Last updated on 2025-02-18 02:50:43 CET.
Flavor | Version | Tinstall | Tcheck | Ttotal | Status | Flags |
---|---|---|---|---|---|---|
r-devel-linux-x86_64-debian-clang | 0.0.1 | 60.69 | 159.80 | 220.49 | OK | |
r-devel-linux-x86_64-debian-gcc | 0.0.1 | 46.33 | 111.64 | 157.97 | OK | |
r-devel-linux-x86_64-fedora-clang | 0.0.1 | 374.91 | OK | |||
r-devel-linux-x86_64-fedora-gcc | 0.0.1 | 365.35 | OK | |||
r-devel-macos-arm64 | 0.0.1 | 102.00 | OK | |||
r-devel-macos-x86_64 | 0.0.1 | 221.00 | OK | |||
r-devel-windows-x86_64 | 0.0.1 | 64.00 | 184.00 | 248.00 | OK | |
r-patched-linux-x86_64 | 0.0.1 | 62.75 | 153.84 | 216.59 | NOTE | |
r-release-linux-x86_64 | 0.0.1 | 56.57 | 152.05 | 208.62 | NOTE | |
r-release-macos-arm64 | 0.0.1 | 107.00 | NOTE | |||
r-release-macos-x86_64 | 0.0.1 | 146.00 | NOTE | |||
r-release-windows-x86_64 | 0.0.1 | 62.00 | 183.00 | 245.00 | NOTE | |
r-oldrel-macos-arm64 | 0.0.1 | 98.00 | NOTE | |||
r-oldrel-macos-x86_64 | 0.0.1 | 204.00 | NOTE | |||
r-oldrel-windows-x86_64 | 0.0.1 | 83.00 | 258.00 | 341.00 | NOTE |
Version: 0.0.1
Check: for GNU extensions in Makefiles
Result: NOTE
GNU make is a SystemRequirements.
Flavors: r-patched-linux-x86_64, r-release-linux-x86_64, r-release-macos-arm64, r-release-macos-x86_64, r-release-windows-x86_64, r-oldrel-macos-arm64, r-oldrel-macos-x86_64, r-oldrel-windows-x86_64
Version: 0.0.1
Check: installed package size
Result: NOTE
installed size is 13.9Mb
sub-directories of 1Mb or more:
data 2.1Mb
doc 6.5Mb
libs 4.8Mb
Flavors: r-release-macos-arm64, r-release-macos-x86_64, r-release-windows-x86_64, r-oldrel-macos-arm64, r-oldrel-macos-x86_64, r-oldrel-windows-x86_64