Last updated on 2025-02-18 02:50:43 CET.
Flavor | Version | Tinstall | Tcheck | Ttotal | Status | Flags |
---|---|---|---|---|---|---|
r-devel-linux-x86_64-debian-clang | 1.3-2 | 4.00 | 39.32 | 43.32 | NOTE | |
r-devel-linux-x86_64-debian-gcc | 1.3-2 | 3.36 | 28.38 | 31.74 | NOTE | |
r-devel-linux-x86_64-fedora-clang | 1.3-2 | 72.40 | NOTE | |||
r-devel-linux-x86_64-fedora-gcc | 1.3-2 | 69.60 | NOTE | |||
r-devel-macos-arm64 | 1.3-2 | 26.00 | NOTE | |||
r-devel-macos-x86_64 | 1.3-2 | 45.00 | NOTE | |||
r-devel-windows-x86_64 | 1.3-2 | 5.00 | 65.00 | 70.00 | NOTE | |
r-patched-linux-x86_64 | 1.3-2 | 5.34 | 36.92 | 42.26 | NOTE | |
r-release-linux-x86_64 | 1.3-2 | 3.87 | 37.25 | 41.12 | NOTE | |
r-release-macos-arm64 | 1.3-2 | 26.00 | NOTE | |||
r-release-macos-x86_64 | 1.3-2 | 42.00 | NOTE | |||
r-release-windows-x86_64 | 1.3-2 | 5.00 | 62.00 | 67.00 | NOTE | |
r-oldrel-macos-arm64 | 1.3-2 | 23.00 | NOTE | |||
r-oldrel-macos-x86_64 | 1.3-2 | 36.00 | NOTE | |||
r-oldrel-windows-x86_64 | 1.3-2 | 6.00 | 67.00 | 73.00 | NOTE |
Version: 1.3-2
Check: package subdirectories
Result: NOTE
Problems with news in ‘NEWS.md’:
No news entries found.
Flavors: r-devel-linux-x86_64-debian-clang, r-devel-linux-x86_64-debian-gcc, r-devel-linux-x86_64-fedora-clang, r-devel-linux-x86_64-fedora-gcc, r-devel-macos-arm64, r-devel-macos-x86_64, r-devel-windows-x86_64, r-patched-linux-x86_64, r-release-linux-x86_64, r-release-macos-arm64, r-release-macos-x86_64, r-release-windows-x86_64, r-oldrel-macos-arm64, r-oldrel-macos-x86_64, r-oldrel-windows-x86_64