Last updated on 2024-05-21 14:57:18 CEST.
Flavor | Version | Tinstall | Tcheck | Ttotal | Status | Flags |
---|---|---|---|---|---|---|
r-devel-linux-x86_64-debian-clang | 2.1.0 | 10.37 | 96.52 | 106.89 | OK | |
r-devel-linux-x86_64-debian-gcc | 2.1.0 | 8.75 | 70.00 | 78.75 | OK | |
r-devel-linux-x86_64-fedora-clang | 2.1.0 | 129.43 | NOTE | |||
r-devel-linux-x86_64-fedora-gcc | 2.1.0 | 121.07 | OK | |||
r-devel-windows-x86_64 | 2.1.0 | 10.00 | 86.00 | 96.00 | NOTE | |
r-patched-linux-x86_64 | 2.1.0 | 6.72 | 90.91 | 97.63 | OK | |
r-release-linux-x86_64 | 2.1.0 | 6.28 | 90.57 | 96.85 | OK | |
r-release-macos-arm64 | 2.1.0 | 40.00 | NOTE | |||
r-release-macos-x86_64 | 2.1.0 | 66.00 | NOTE | |||
r-release-windows-x86_64 | 2.1.0 | 10.00 | 86.00 | 96.00 | NOTE | |
r-oldrel-macos-arm64 | 2.1.0 | 41.00 | NOTE | |||
r-oldrel-macos-x86_64 | 2.1.0 | 59.00 | NOTE | |||
r-oldrel-windows-x86_64 | 2.1.0 | 12.00 | 103.00 | 115.00 | NOTE |
Version: 2.1.0
Check: installed package size
Result: NOTE
installed size is 6.3Mb
Flavors: r-devel-linux-x86_64-fedora-clang, r-devel-windows-x86_64, r-release-macos-arm64, r-release-macos-x86_64, r-release-windows-x86_64, r-oldrel-macos-arm64, r-oldrel-macos-x86_64, r-oldrel-windows-x86_64