Last updated on 2025-05-13 14:50:29 CEST.
Flavor | Version | Tinstall | Tcheck | Ttotal | Status | Flags |
---|---|---|---|---|---|---|
r-devel-linux-x86_64-debian-clang | 1.1.0 | 30.73 | 290.35 | 321.08 | OK | |
r-devel-linux-x86_64-debian-gcc | 1.1.0 | 20.96 | 188.69 | 209.65 | OK | |
r-devel-linux-x86_64-fedora-clang | 1.1.0 | 503.01 | OK | |||
r-devel-linux-x86_64-fedora-gcc | 1.1.0 | 519.51 | OK | |||
r-devel-windows-x86_64 | 1.1.0 | 33.00 | 264.00 | 297.00 | OK | |
r-patched-linux-x86_64 | 1.1.0 | 32.98 | 275.12 | 308.10 | OK | |
r-release-linux-x86_64 | 1.1.0 | 33.22 | 275.09 | 308.31 | OK | |
r-release-macos-arm64 | 1.1.0 | 131.00 | OK | |||
r-release-macos-x86_64 | 1.1.0 | 361.00 | OK | |||
r-release-windows-x86_64 | 1.1.0 | 35.00 | 268.00 | 303.00 | OK | |
r-oldrel-macos-arm64 | 1.1.0 | 128.00 | NOTE | |||
r-oldrel-macos-x86_64 | 1.1.0 | 258.00 | NOTE | |||
r-oldrel-windows-x86_64 | 1.1.0 | 46.00 | 364.00 | 410.00 | OK |
Version: 1.1.0
Check: installed package size
Result: NOTE
installed size is 5.6Mb
sub-directories of 1Mb or more:
data 4.2Mb
Flavors: r-oldrel-macos-arm64, r-oldrel-macos-x86_64