Last updated on 2025-02-21 02:52:19 CET.
Flavor | Version | Tinstall | Tcheck | Ttotal | Status | Flags |
---|---|---|---|---|---|---|
r-devel-linux-x86_64-debian-clang | 0.1.1 | 7.11 | 43.97 | 51.08 | OK | |
r-devel-linux-x86_64-debian-gcc | 0.1.1 | 4.18 | 31.51 | 35.69 | OK | |
r-devel-linux-x86_64-fedora-clang | 0.1.1 | 79.22 | NOTE | |||
r-devel-linux-x86_64-fedora-gcc | 0.1.1 | 74.35 | NOTE | |||
r-devel-macos-arm64 | 0.1.1 | 27.00 | OK | |||
r-devel-macos-x86_64 | 0.1.1 | 42.00 | OK | |||
r-devel-windows-x86_64 | 0.1.1 | 9.00 | 61.00 | 70.00 | OK | |
r-patched-linux-x86_64 | 0.1.1 | 6.62 | 41.08 | 47.70 | NOTE | |
r-release-linux-x86_64 | 0.1.1 | 7.13 | 40.23 | 47.36 | NOTE | |
r-release-macos-arm64 | 0.1.1 | 27.00 | NOTE | |||
r-release-macos-x86_64 | 0.1.1 | 38.00 | NOTE | |||
r-release-windows-x86_64 | 0.1.1 | 12.00 | 59.00 | 71.00 | NOTE | |
r-oldrel-macos-arm64 | 0.1.1 | 28.00 | NOTE | |||
r-oldrel-macos-x86_64 | 0.1.1 | 39.00 | NOTE | |||
r-oldrel-windows-x86_64 | 0.1.1 | 11.00 | 72.00 | 83.00 | NOTE |
Version: 0.1.1
Check: dependencies in R code
Result: NOTE
Namespaces in Imports field not imported from:
‘igraph’ ‘rlang’ ‘tidyselect’
All declared Imports should be used.
Flavors: r-devel-linux-x86_64-fedora-clang, r-devel-linux-x86_64-fedora-gcc
Version: 0.1.1
Check: LazyData
Result: NOTE
'LazyData' is specified without a 'data' directory
Flavors: r-patched-linux-x86_64, r-release-linux-x86_64, r-release-macos-arm64, r-release-macos-x86_64, r-release-windows-x86_64, r-oldrel-macos-arm64, r-oldrel-macos-x86_64, r-oldrel-windows-x86_64