Last updated on 2025-02-18 02:50:43 CET.
Flavor | Version | Tinstall | Tcheck | Ttotal | Status | Flags |
---|---|---|---|---|---|---|
r-devel-linux-x86_64-debian-clang | 0.1.5 | 13.13 | 38.86 | 51.99 | NOTE | |
r-devel-linux-x86_64-debian-gcc | 0.1.5 | 9.76 | 30.14 | 39.90 | NOTE | |
r-devel-linux-x86_64-fedora-clang | 0.1.5 | 103.88 | NOTE | |||
r-devel-linux-x86_64-fedora-gcc | 0.1.5 | 108.32 | NOTE | |||
r-devel-macos-arm64 | 0.1.5 | 56.00 | OK | |||
r-devel-macos-x86_64 | 0.1.5 | 83.00 | OK | |||
r-devel-windows-x86_64 | 0.1.5 | 19.00 | 85.00 | 104.00 | OK | |
r-patched-linux-x86_64 | 0.1.5 | 11.22 | 36.36 | 47.58 | OK | |
r-release-linux-x86_64 | 0.1.5 | 12.27 | 36.63 | 48.90 | OK | |
r-release-macos-arm64 | 0.1.5 | 55.00 | OK | |||
r-release-macos-x86_64 | 0.1.5 | 95.00 | OK | |||
r-release-windows-x86_64 | 0.1.5 | 20.00 | 80.00 | 100.00 | OK | |
r-oldrel-macos-arm64 | 0.1.5 | 53.00 | OK | |||
r-oldrel-macos-x86_64 | 0.1.5 | 104.00 | OK | |||
r-oldrel-windows-x86_64 | 0.1.5 | 21.00 | 97.00 | 118.00 | OK |
Version: 0.1.5
Check: top-level files
Result: NOTE
possible bashism in configure.ac line 36 (test -a/-o):
if test [ -z "${JAGS_LIBS}" -a -z "${JAGS_CFLAGS}" ] ; then
Flavors: r-devel-linux-x86_64-debian-clang, r-devel-linux-x86_64-debian-gcc, r-devel-linux-x86_64-fedora-clang, r-devel-linux-x86_64-fedora-gcc