Last updated on 2025-02-18 02:50:43 CET.
Flavor | Version | Tinstall | Tcheck | Ttotal | Status | Flags |
---|---|---|---|---|---|---|
r-devel-linux-x86_64-debian-clang | 1.6.1 | 10.10 | 167.15 | 177.25 | NOTE | |
r-devel-linux-x86_64-debian-gcc | 1.6.1 | 7.29 | 115.37 | 122.66 | NOTE | |
r-devel-linux-x86_64-fedora-clang | 1.6.1 | 298.51 | NOTE | |||
r-devel-linux-x86_64-fedora-gcc | 1.6.1 | 282.99 | NOTE | |||
r-devel-macos-arm64 | 1.6.1 | 86.00 | OK | |||
r-devel-macos-x86_64 | 1.6.1 | 151.00 | NOTE | |||
r-devel-windows-x86_64 | 1.6.1 | 12.00 | 167.00 | 179.00 | NOTE | |
r-patched-linux-x86_64 | 1.6.1 | 10.42 | 149.61 | 160.03 | OK | |
r-release-linux-x86_64 | 1.6.1 | 9.48 | 149.16 | 158.64 | OK | |
r-release-macos-arm64 | 1.6.1 | 89.00 | OK | |||
r-release-macos-x86_64 | 1.6.1 | 152.00 | OK | |||
r-release-windows-x86_64 | 1.6.1 | 12.00 | 164.00 | 176.00 | OK | |
r-oldrel-macos-arm64 | 1.6.1 | 112.00 | OK | |||
r-oldrel-macos-x86_64 | 1.6.1 | 195.00 | OK | |||
r-oldrel-windows-x86_64 | 1.6.1 | 17.00 | 209.00 | 226.00 | OK |
Version: 1.6.1
Check: DESCRIPTION meta-information
Result: NOTE
Missing dependency on R >= 4.2.0 because package code uses the pipe
placeholder syntax added in R 4.2.0.
File(s) using such syntax:
‘functions.R’
Flavors: r-devel-linux-x86_64-debian-clang, r-devel-linux-x86_64-debian-gcc, r-devel-linux-x86_64-fedora-clang, r-devel-linux-x86_64-fedora-gcc, r-devel-windows-x86_64
Version: 1.6.1
Check: DESCRIPTION meta-information
Result: NOTE
Missing dependency on R >= 4.1.0 because package code uses the pipe
|> or function shorthand \(...) syntax added in R 4.1.0.
File(s) using such syntax:
‘functions.R’
Flavor: r-devel-macos-x86_64