CRAN Package Check Results for Package netassoc

Last updated on 2025-02-21 02:52:19 CET.

Flavor Version Tinstall Tcheck Ttotal Status Flags
r-devel-linux-x86_64-debian-clang 0.7.0 7.74 66.80 74.54 NOTE
r-devel-linux-x86_64-debian-gcc 0.7.0 5.67 47.55 53.22 NOTE
r-devel-linux-x86_64-fedora-clang 0.7.0 117.46 NOTE
r-devel-linux-x86_64-fedora-gcc 0.7.0 112.59 NOTE
r-devel-macos-arm64 0.7.0 34.00 NOTE
r-devel-macos-x86_64 0.7.0 114.00 NOTE
r-devel-windows-x86_64 0.7.0 8.00 88.00 96.00 NOTE
r-patched-linux-x86_64 0.7.0 10.09 62.73 72.82 NOTE
r-release-linux-x86_64 0.7.0 7.55 63.15 70.70 NOTE
r-release-macos-arm64 0.7.0 34.00 NOTE
r-release-macos-x86_64 0.7.0 92.00 NOTE
r-release-windows-x86_64 0.7.0 9.00 80.00 89.00 NOTE
r-oldrel-macos-arm64 0.7.0 39.00 OK
r-oldrel-macos-x86_64 0.7.0 58.00 OK
r-oldrel-windows-x86_64 0.7.0 12.00 140.00 152.00 OK

Check Details

Version: 0.7.0
Check: Rd files
Result: NOTE checkRd: (-1) partial_correlation.Rd:26: Lost braces in \itemize; meant \describe ? checkRd: (-1) partial_correlation.Rd:27: Lost braces in \itemize; meant \describe ? checkRd: (-1) partial_correlation.Rd:28: Lost braces in \itemize; meant \describe ? checkRd: (-1) partial_correlation.Rd:29: Lost braces in \itemize; meant \describe ? Flavors: r-devel-linux-x86_64-debian-clang, r-devel-linux-x86_64-debian-gcc, r-devel-linux-x86_64-fedora-clang, r-devel-linux-x86_64-fedora-gcc, r-devel-macos-arm64, r-devel-macos-x86_64, r-devel-windows-x86_64, r-patched-linux-x86_64, r-release-linux-x86_64, r-release-macos-arm64, r-release-macos-x86_64, r-release-windows-x86_64

Version: 0.7.0
Check: Rd cross-references
Result: NOTE Found the following Rd file(s) with Rd \link{} targets missing package anchors: plot_netassoc_network.Rd: plot.igraph Please provide package anchors for all Rd \link{} targets not in the package itself and the base packages. Flavors: r-devel-linux-x86_64-debian-clang, r-devel-linux-x86_64-debian-gcc, r-devel-windows-x86_64