Last updated on 2025-02-21 02:52:19 CET.
Flavor | Version | Tinstall | Tcheck | Ttotal | Status | Flags |
---|---|---|---|---|---|---|
r-devel-linux-x86_64-debian-clang | 1.14.3 | 10.61 | 124.82 | 135.43 | NOTE | |
r-devel-linux-x86_64-debian-gcc | 1.14.3 | 7.26 | 96.19 | 103.45 | NOTE | |
r-devel-linux-x86_64-fedora-clang | 1.14.3 | 206.18 | OK | |||
r-devel-linux-x86_64-fedora-gcc | 1.14.3 | 199.22 | OK | |||
r-devel-macos-arm64 | 1.14.3 | 61.00 | OK | |||
r-devel-macos-x86_64 | 1.14.3 | 176.00 | OK | |||
r-devel-windows-x86_64 | 1.14.3 | 11.00 | 136.00 | 147.00 | NOTE | |
r-patched-linux-x86_64 | 1.14.3 | 9.40 | 119.89 | 129.29 | OK | |
r-release-linux-x86_64 | 1.14.3 | 10.69 | 120.05 | 130.74 | OK | |
r-release-macos-arm64 | 1.14.3 | 60.00 | OK | |||
r-release-macos-x86_64 | 1.14.3 | 124.00 | OK | |||
r-release-windows-x86_64 | 1.14.3 | 12.00 | 133.00 | 145.00 | OK | |
r-oldrel-macos-arm64 | 1.14.3 | 60.00 | OK | |||
r-oldrel-macos-x86_64 | 1.14.3 | 166.00 | OK | |||
r-oldrel-windows-x86_64 | 1.14.3 | 14.00 | 168.00 | 182.00 | OK |
Version: 1.14.3
Check: Rd cross-references
Result: NOTE
Found the following Rd file(s) with Rd \link{} targets missing package
anchors:
plot.select.Rd: select
Please provide package anchors for all Rd \link{} targets not in the
package itself and the base packages.
Flavors: r-devel-linux-x86_64-debian-clang, r-devel-linux-x86_64-debian-gcc, r-devel-windows-x86_64