Last updated on 2025-02-21 02:52:19 CET.
Flavor | Version | Tinstall | Tcheck | Ttotal | Status | Flags |
---|---|---|---|---|---|---|
r-devel-linux-x86_64-debian-clang | 0.4 | 3.12 | 28.77 | 31.89 | NOTE | |
r-devel-linux-x86_64-debian-gcc | 0.4 | 2.44 | 21.88 | 24.32 | NOTE | |
r-devel-linux-x86_64-fedora-clang | 0.4 | 51.10 | OK | |||
r-devel-linux-x86_64-fedora-gcc | 0.4 | 47.40 | OK | |||
r-devel-macos-arm64 | 0.4 | 22.00 | OK | |||
r-devel-macos-x86_64 | 0.4 | 34.00 | OK | |||
r-devel-windows-x86_64 | 0.4 | 6.00 | 52.00 | 58.00 | NOTE | |
r-patched-linux-x86_64 | 0.4 | 7.24 | 27.14 | 34.38 | OK | |
r-release-linux-x86_64 | 0.4 | 2.80 | 26.87 | 29.67 | OK | |
r-release-macos-arm64 | 0.4 | 19.00 | OK | |||
r-release-macos-x86_64 | 0.4 | 29.00 | OK | |||
r-release-windows-x86_64 | 0.4 | 5.00 | 49.00 | 54.00 | OK | |
r-oldrel-macos-arm64 | 0.4 | 22.00 | OK | |||
r-oldrel-macos-x86_64 | 0.4 | 26.00 | OK | |||
r-oldrel-windows-x86_64 | 0.4 | 7.00 | 60.00 | 67.00 | OK |
Version: 0.4
Check: Rd cross-references
Result: NOTE
Found the following Rd file(s) with Rd \link{} targets missing package
anchors:
JS.Rd: htmlwidgets
igraph_to_networkD3.Rd: membership
Please provide package anchors for all Rd \link{} targets not in the
package itself and the base packages.
Flavors: r-devel-linux-x86_64-debian-clang, r-devel-linux-x86_64-debian-gcc, r-devel-windows-x86_64