Last updated on 2025-02-21 02:52:19 CET.
Flavor | Version | Tinstall | Tcheck | Ttotal | Status | Flags |
---|---|---|---|---|---|---|
r-devel-linux-x86_64-debian-clang | 2.1 | 4.17 | 38.59 | 42.76 | OK | |
r-devel-linux-x86_64-debian-gcc | 2.1 | 3.32 | 29.32 | 32.64 | OK | |
r-devel-linux-x86_64-fedora-clang | 2.1 | 69.06 | NOTE | |||
r-devel-linux-x86_64-fedora-gcc | 2.1 | 78.64 | NOTE | |||
r-devel-macos-arm64 | 2.1 | 36.00 | OK | |||
r-devel-macos-x86_64 | 2.1 | 59.00 | OK | |||
r-devel-windows-x86_64 | 2.1 | 6.00 | 81.00 | 87.00 | OK | |
r-patched-linux-x86_64 | 2.1 | 4.85 | 36.22 | 41.07 | OK | |
r-release-linux-x86_64 | 2.1 | 3.25 | 36.45 | 39.70 | OK | |
r-release-macos-arm64 | 2.1 | 48.00 | OK | |||
r-release-macos-x86_64 | 2.1 | 75.00 | OK | |||
r-release-windows-x86_64 | 2.1 | 7.00 | 67.00 | 74.00 | OK | |
r-oldrel-macos-arm64 | 2.1 | 55.00 | OK | |||
r-oldrel-macos-x86_64 | 2.1 | 71.00 | OK | |||
r-oldrel-windows-x86_64 | 2.1 | 7.00 | 110.00 | 117.00 | OK |
Version: 2.1
Check: dependencies in R code
Result: NOTE
Namespaces in Imports field not imported from:
‘quickcode’ ‘utils’
All declared Imports should be used.
Flavors: r-devel-linux-x86_64-fedora-clang, r-devel-linux-x86_64-fedora-gcc