CRAN Package Check Results for Package ngramrr

Last updated on 2025-02-21 02:52:19 CET.

Flavor Version Tinstall Tcheck Ttotal Status Flags
r-devel-linux-x86_64-debian-clang 0.2.0 3.05 28.58 31.63 OK
r-devel-linux-x86_64-debian-gcc 0.2.0 2.23 22.58 24.81 OK
r-devel-linux-x86_64-fedora-clang 0.2.0 49.90 OK
r-devel-linux-x86_64-fedora-gcc 0.2.0 51.16 OK
r-devel-macos-arm64 0.2.0 20.00 OK
r-devel-macos-x86_64 0.2.0 34.00 OK
r-devel-windows-x86_64 0.2.0 4.00 55.00 59.00 OK
r-patched-linux-x86_64 0.2.0 2.91 27.28 30.19 NOTE
r-release-linux-x86_64 0.2.0 2.83 27.59 30.42 NOTE
r-release-macos-arm64 0.2.0 21.00 NOTE
r-release-macos-x86_64 0.2.0 29.00 NOTE
r-release-windows-x86_64 0.2.0 4.00 53.00 57.00 NOTE
r-oldrel-macos-arm64 0.2.0 20.00 NOTE
r-oldrel-macos-x86_64 0.2.0 25.00 NOTE
r-oldrel-windows-x86_64 0.2.0 5.00 73.00 78.00 NOTE

Check Details

Version: 0.2.0
Check: LazyData
Result: NOTE 'LazyData' is specified without a 'data' directory Flavors: r-patched-linux-x86_64, r-release-linux-x86_64, r-release-macos-arm64, r-release-macos-x86_64, r-release-windows-x86_64, r-oldrel-macos-arm64, r-oldrel-macos-x86_64, r-oldrel-windows-x86_64