Last updated on 2025-02-21 02:52:19 CET.
Flavor | Version | Tinstall | Tcheck | Ttotal | Status | Flags |
---|---|---|---|---|---|---|
r-devel-linux-x86_64-debian-clang | 0.2.3 | 14.44 | 74.85 | 89.29 | OK | |
r-devel-linux-x86_64-debian-gcc | 0.2.3 | 9.38 | 59.43 | 68.81 | OK | |
r-devel-linux-x86_64-fedora-clang | 0.2.3 | 138.78 | NOTE | |||
r-devel-linux-x86_64-fedora-gcc | 0.2.3 | 132.08 | NOTE | |||
r-devel-macos-arm64 | 0.2.3 | 43.00 | OK | |||
r-devel-macos-x86_64 | 0.2.3 | 74.00 | OK | |||
r-devel-windows-x86_64 | 0.2.3 | 14.00 | 106.00 | 120.00 | OK | |
r-patched-linux-x86_64 | 0.2.3 | 13.04 | 71.72 | 84.76 | OK | |
r-release-linux-x86_64 | 0.2.3 | 12.21 | 72.26 | 84.47 | OK | |
r-release-macos-arm64 | 0.2.3 | 44.00 | OK | |||
r-release-macos-x86_64 | 0.2.3 | 90.00 | OK | |||
r-release-windows-x86_64 | 0.2.3 | 14.00 | 85.00 | 99.00 | OK | |
r-oldrel-macos-arm64 | 0.2.3 | 47.00 | OK | |||
r-oldrel-macos-x86_64 | 0.2.3 | 85.00 | OK | |||
r-oldrel-windows-x86_64 | 0.2.3 | 18.00 | 101.00 | 119.00 | OK |
Version: 0.2.3
Check: dependencies in R code
Result: NOTE
Namespace in Imports field not imported from: ‘methods’
All declared Imports should be used.
Flavors: r-devel-linux-x86_64-fedora-clang, r-devel-linux-x86_64-fedora-gcc