Last updated on 2024-05-21 14:57:18 CEST.
Flavor | Version | Tinstall | Tcheck | Ttotal | Status | Flags |
---|---|---|---|---|---|---|
r-devel-linux-x86_64-debian-clang | 2.6 | 43.01 | 313.87 | 356.88 | NOTE | |
r-devel-linux-x86_64-debian-gcc | 2.6 | 31.55 | 213.68 | 245.23 | NOTE | |
r-devel-linux-x86_64-fedora-clang | 2.6 | 441.38 | NOTE | |||
r-devel-linux-x86_64-fedora-gcc | 2.6 | 437.41 | NOTE | |||
r-devel-windows-x86_64 | 2.6 | 38.00 | 233.00 | 271.00 | NOTE | |
r-patched-linux-x86_64 | 2.6 | 33.85 | 300.94 | 334.79 | NOTE | |
r-release-linux-x86_64 | 2.6 | 31.82 | 295.17 | 326.99 | NOTE | |
r-release-macos-arm64 | 2.6 | 97.00 | NOTE | |||
r-release-windows-x86_64 | 2.6 | 38.00 | 235.00 | 273.00 | NOTE | |
r-oldrel-macos-arm64 | 2.6 | 114.00 | NOTE | |||
r-oldrel-macos-x86_64 | 2.6 | 194.00 | NOTE | |||
r-oldrel-windows-x86_64 | 2.6 | 47.00 | 292.00 | 339.00 | NOTE |
Version: 2.6
Check: C++ specification
Result: NOTE
Specified C++11: please drop specification unless essential
Flavors: r-devel-linux-x86_64-debian-clang, r-devel-linux-x86_64-debian-gcc, r-devel-linux-x86_64-fedora-clang, r-devel-linux-x86_64-fedora-gcc, r-devel-windows-x86_64, r-patched-linux-x86_64, r-release-linux-x86_64, r-release-macos-arm64, r-release-windows-x86_64, r-oldrel-macos-arm64, r-oldrel-macos-x86_64, r-oldrel-windows-x86_64