Last updated on 2025-02-20 14:51:01 CET.
Flavor | Version | Tinstall | Tcheck | Ttotal | Status | Flags |
---|---|---|---|---|---|---|
r-devel-linux-x86_64-debian-clang | 2.1.1 | 5.99 | 55.40 | 61.39 | NOTE | |
r-devel-linux-x86_64-debian-gcc | 2.1.1 | 4.43 | 38.24 | 42.67 | NOTE | |
r-devel-linux-x86_64-fedora-clang | 2.1.1 | 72.91 | ERROR | |||
r-devel-linux-x86_64-fedora-gcc | 2.1.1 | 89.85 | ERROR | |||
r-devel-macos-arm64 | 2.1.1 | 43.00 | OK | |||
r-devel-macos-x86_64 | 2.1.1 | 129.00 | OK | |||
r-devel-windows-x86_64 | 2.1.1 | 9.00 | 99.00 | 108.00 | OK | |
r-patched-linux-x86_64 | 2.1.1 | 5.33 | 52.17 | 57.50 | OK | |
r-release-linux-x86_64 | 2.1.1 | 4.23 | 51.24 | 55.47 | OK | |
r-release-macos-arm64 | 2.1.1 | 43.00 | OK | |||
r-release-macos-x86_64 | 2.1.1 | 162.00 | OK | |||
r-release-windows-x86_64 | 2.1.1 | 10.00 | 98.00 | 108.00 | OK | |
r-oldrel-macos-arm64 | 2.1.1 | 63.00 | OK | |||
r-oldrel-macos-x86_64 | 2.1.1 | 128.00 | OK | |||
r-oldrel-windows-x86_64 | 2.1.1 | 11.00 | 110.00 | 121.00 | OK |
Version: 2.1.1
Check: top-level files
Result: NOTE
possible bashism in configure.ac line 64 (should be 'b = a'):
if test x"${have_cmake}" == x"no"; then
Flavors: r-devel-linux-x86_64-debian-clang, r-devel-linux-x86_64-debian-gcc, r-devel-linux-x86_64-fedora-clang, r-devel-linux-x86_64-fedora-gcc
Version: 2.1.1
Check: tests
Result: ERROR
Running ‘tinytest.R’
Running the tests in ‘tests/tinytest.R’ failed.
Complete output:
> if (requireNamespace("tinytest", quietly = TRUE)) {
+ tinytest::test_package("nloptr")
+ }
test-banana-global.R.......... 0 tests
test-banana-global.R.......... 0 tests
test-banana-global.R.......... 0 tests
test-banana-global.R.......... 0 tests
test-banana-global.R.......... 0 tests
test-banana-global.R.......... 0 tests
test-banana-global.R.......... 0 tests
test-banana-global.R.......... 0 tests
test-banana-global.R.......... 0 tests
test-banana-global.R.......... 0 tests
test-banana-global.R.......... 1 tests <1b>[0;32mOK<1b>[0m
test-banana-global.R.......... 2 tests <1b>[0;32mOK<1b>[0m
test-banana-global.R.......... 2 tests <1b>[0;32mOK<1b>[0m
test-banana-global.R.......... 2 tests <1b>[0;32mOK<1b>[0m
test-banana-global.R.......... 3 tests <1b>[0;31m1 fails<1b>[0m
test-banana-global.R.......... 4 tests <1b>[0;31m2 fails<1b>[0m
test-banana-global.R.......... 4 tests <1b>[0;31m2 fails<1b>[0m
test-banana-global.R.......... 4 tests <1b>[0;31m2 fails<1b>[0m
test-banana-global.R.......... 4 tests <1b>[0;31m2 fails<1b>[0m
test-banana-global.R.......... 4 tests <1b>[0;31m2 fails<1b>[0m
test-banana-global.R.......... 4 tests <1b>[0;31m2 fails<1b>[0m
test-banana-global.R.......... 4 tests <1b>[0;31m2 fails<1b>[0m
test-banana-global.R.......... 5 tests <1b>[0;31m3 fails<1b>[0m
test-banana-global.R.......... 6 tests <1b>[0;31m4 fails<1b>[0m
test-banana-global.R.......... 7 tests <1b>[0;31m5 fails<1b>[0m
test-banana-global.R.......... 8 tests <1b>[0;31m6 fails<1b>[0m
test-banana-global.R.......... 9 tests <1b>[0;31m7 fails<1b>[0m
test-banana-global.R.......... 10 tests <1b>[0;31m8 fails<1b>[0m
test-banana-global.R.......... 11 tests <1b>[0;31m8 fails<1b>[0m
test-banana-global.R.......... 12 tests <1b>[0;31m8 fails<1b>[0m
test-banana-global.R.......... 13 tests <1b>[0;31m8 fails<1b>[0m
test-banana-global.R.......... 14 tests <1b>[0;31m8 fails<1b>[0m <1b>[0;34m2.4s<1b>[0m
test-banana.R................. 0 tests
test-banana.R................. 0 tests
test-banana.R................. 0 tests
test-banana.R................. 0 tests
test-banana.R................. 0 tests
test-banana.R................. 0 tests
test-banana.R................. 0 tests
test-banana.R................. 1 tests <1b>[0;31m1 fails<1b>[0m
test-banana.R................. 2 tests <1b>[0;31m2 fails<1b>[0m
test-banana.R................. 2 tests <1b>[0;31m2 fails<1b>[0m
test-banana.R................. 2 tests <1b>[0;31m2 fails<1b>[0m
test-banana.R................. 3 tests <1b>[0;31m3 fails<1b>[0m
test-banana.R................. 4 tests <1b>[0;31m4 fails<1b>[0m <1b>[0;36m98ms<1b>[0m
test-check.derivatives.R...... 0 tests
test-check.derivatives.R...... 0 tests
test-check.derivatives.R...... 0 tests
test-check.derivatives.R...... 0 tests
test-check.derivatives.R...... 1 tests <1b>[0;32mOK<1b>[0m
test-check.derivatives.R...... 2 tests <1b>[0;32mOK<1b>[0m
test-check.derivatives.R...... 3 tests <1b>[0;32mOK<1b>[0m
test-check.derivatives.R...... 4 tests <1b>[0;32mOK<1b>[0m <1b>[0;36m14ms<1b>[0m
test-derivative-checker.R..... 0 tests
test-derivative-checker.R..... 0 tests
test-derivative-checker.R..... 0 tests
test-derivative-checker.R..... 0 tests
test-derivative-checker.R..... 0 tests
test-derivative-checker.R..... 1 tests <1b>[0;32mOK<1b>[0m
test-derivative-checker.R..... 2 tests <1b>[0;32mOK<1b>[0m
test-derivative-checker.R..... 2 tests <1b>[0;32mOK<1b>[0m
test-derivative-checker.R..... 2 tests <1b>[0;32mOK<1b>[0m
test-derivative-checker.R..... 2 tests <1b>[0;32mOK<1b>[0m
test-derivative-checker.R..... 3 tests <1b>[0;32mOK<1b>[0m
test-derivative-checker.R..... 3 tests <1b>[0;32mOK<1b>[0m
test-derivative-checker.R..... 4 tests <1b>[0;32mOK<1b>[0m
test-derivative-checker.R..... 4 tests <1b>[0;32mOK<1b>[0m
test-derivative-checker.R..... 4 tests <1b>[0;32mOK<1b>[0m
test-derivative-checker.R..... 5 tests <1b>[0;32mOK<1b>[0m
test-derivative-checker.R..... 5 tests <1b>[0;32mOK<1b>[0m
test-derivative-checker.R..... 5 tests <1b>[0;32mOK<1b>[0m
test-derivative-checker.R..... 5 tests <1b>[0;32mOK<1b>[0m
test-derivative-checker.R..... 6 tests <1b>[0;32mOK<1b>[0m <1b>[0;36m12ms<1b>[0m
test-example.R................ 0 tests
test-example.R................ 0 tests
test-example.R................ 0 tests
test-example.R................ 0 tests
test-example.R................ 0 tests
test-example.R................ 0 tests
test-example.R................ 0 tests
test-example.R................ 0 tests
test-example.R................ 0 tests
test-example.R................ 0 tests
test-example.R................ 0 tests
test-example.R................ 0 tests
test-example.R................ 1 tests <1b>[0;31m1 fails<1b>[0m Error: nlopt_add_inequality_mconstraint returned NLOPT_INVALID_ARGS.
test-example.R................ 1 tests <1b>[0;31m1 fails<1b>[0m
test-example.R................ 2 tests <1b>[0;31m2 fails<1b>[0m
test-example.R................ 2 tests <1b>[0;31m2 fails<1b>[0m
test-example.R................ 3 tests <1b>[0;31m3 fails<1b>[0m <1b>[0;34m0.1s<1b>[0m
test-gradients.R.............. 0 tests
test-gradients.R.............. 0 tests
test-gradients.R.............. 0 tests
test-gradients.R.............. 0 tests
test-gradients.R.............. 1 tests <1b>[0;32mOK<1b>[0m
test-gradients.R.............. 2 tests <1b>[0;32mOK<1b>[0m
test-gradients.R.............. 3 tests <1b>[0;32mOK<1b>[0m
test-gradients.R.............. 4 tests <1b>[0;32mOK<1b>[0m
test-gradients.R.............. 4 tests <1b>[0;32mOK<1b>[0m
test-gradients.R.............. 4 tests <1b>[0;32mOK<1b>[0m
test-gradients.R.............. 4 tests <1b>[0;32mOK<1b>[0m
test-gradients.R.............. 5 tests <1b>[0;32mOK<1b>[0m
test-gradients.R.............. 5 tests <1b>[0;32mOK<1b>[0m
test-gradients.R.............. 5 tests <1b>[0;32mOK<1b>[0m
test-gradients.R.............. 5 tests <1b>[0;32mOK<1b>[0m
test-gradients.R.............. 6 tests <1b>[0;32mOK<1b>[0m <1b>[0;36m22ms<1b>[0m
test-hs023.R.................. 0 tests
test-hs023.R.................. 0 tests
test-hs023.R.................. 0 tests
test-hs023.R.................. 0 tests
test-hs023.R.................. 0 tests
test-hs023.R.................. 0 tests
test-hs023.R.................. 0 tests
test-hs023.R.................. 0 tests
test-hs023.R.................. 0 tests
test-hs023.R.................. 1 tests <1b>[0;32mOK<1b>[0m
test-hs023.R.................. 2 tests <1b>[0;32mOK<1b>[0m
test-hs023.R.................. 3 tests <1b>[0;32mOK<1b>[0m
test-hs023.R.................. 4 tests <1b>[0;32mOK<1b>[0m <1b>[0;34m0.2s<1b>[0m
test-hs071.R.................. 0 tests
test-hs071.R.................. 0 tests
test-hs071.R.................. 0 tests
test-hs071.R.................. 0 tests
test-hs071.R.................. 0 tests
test-hs071.R.................. 0 tests
test-hs071.R.................. 0 tests
test-hs071.R.................. 0 tests
test-hs071.R.................. 0 tests
test-hs071.R.................. 0 tests
test-hs071.R.................. 0 tests
test-hs071.R.................. 1 tests <1b>[0;31m1 fails<1b>[0m
test-hs071.R.................. 2 tests <1b>[0;31m1 fails<1b>[0m
test-hs071.R.................. 3 tests <1b>[0;31m1 fails<1b>[0m
test-hs071.R.................. 4 tests <1b>[0;31m1 fails<1b>[0m
test-hs071.R.................. 5 tests <1b>[0;31m2 fails<1b>[0m <1b>[0;34m0.2s<1b>[0m
test-is.nloptr.R.............. 0 tests
test-is.nloptr.R.............. 0 tests
test-is.nloptr.R.............. 0 tests
test-is.nloptr.R.............. 1 tests <1b>[0;32mOK<1b>[0m
test-is.nloptr.R.............. 2 tests <1b>[0;32mOK<1b>[0m
test-is.nloptr.R.............. 2 tests <1b>[0;32mOK<1b>[0m
test-is.nloptr.R.............. 3 tests <1b>[0;32mOK<1b>[0m
test-is.nloptr.R.............. 4 tests <1b>[0;32mOK<1b>[0m
test-is.nloptr.R.............. 5 tests <1b>[0;32mOK<1b>[0m
test-is.nloptr.R.............. 6 tests <1b>[0;32mOK<1b>[0m
test-is.nloptr.R.............. 7 tests <1b>[0;32mOK<1b>[0m
test-is.nloptr.R.............. 8 tests <1b>[0;32mOK<1b>[0m
test-is.nloptr.R.............. 8 tests <1b>[0;32mOK<1b>[0m
test-is.nloptr.R.............. 9 tests <1b>[0;32mOK<1b>[0m
test-is.nloptr.R.............. 9 tests <1b>[0;32mOK<1b>[0m
test-is.nloptr.R.............. 9 tests <1b>[0;32mOK<1b>[0m
test-is.nloptr.R.............. 10 tests <1b>[0;32mOK<1b>[0m
test-is.nloptr.R.............. 10 tests <1b>[0;32mOK<1b>[0m
test-is.nloptr.R.............. 11 tests <1b>[0;32mOK<1b>[0m
test-is.nloptr.R.............. 11 tests <1b>[0;32mOK<1b>[0m
test-is.nloptr.R.............. 12 tests <1b>[0;32mOK<1b>[0m
test-is.nloptr.R.............. 13 tests <1b>[0;32mOK<1b>[0m
test-is.nloptr.R.............. 14 tests <1b>[0;32mOK<1b>[0m
test-is.nloptr.R.............. 15 tests <1b>[0;32mOK<1b>[0m
test-is.nloptr.R.............. 16 tests <1b>[0;32mOK<1b>[0m
test-is.nloptr.R.............. 17 tests <1b>[0;32mOK<1b>[0m
test-is.nloptr.R.............. 17 tests <1b>[0;32mOK<1b>[0m
test-is.nloptr.R.............. 17 tests <1b>[0;32mOK<1b>[0m
test-is.nloptr.R.............. 17 tests <1b>[0;32mOK<1b>[0m
test-is.nloptr.R.............. 17 tests <1b>[0;32mOK<1b>[0m
test-is.nloptr.R.............. 17 tests <1b>[0;32mOK<1b>[0m
test-is.nloptr.R.............. 17 tests <1b>[0;32mOK<1b>[0m
test-is.nloptr.R.............. 17 tests <1b>[0;32mOK<1b>[0m
test-is.nloptr.R.............. 17 tests <1b>[0;32mOK<1b>[0m
test-is.nloptr.R.............. 17 tests <1b>[0;32mOK<1b>[0m
test-is.nloptr.R.............. 17 tests <1b>[0;32mOK<1b>[0m
test-is.nloptr.R.............. 17 tests <1b>[0;32mOK<1b>[0m
test-is.nloptr.R.............. 17 tests <1b>[0;32mOK<1b>[0m
test-is.nloptr.R.............. 17 tests <1b>[0;32mOK<1b>[0m
test-is.nloptr.R.............. 17 tests <1b>[0;32mOK<1b>[0m
test-is.nloptr.R.............. 17 tests <1b>[0;32mOK<1b>[0m
test-is.nloptr.R.............. 17 tests <1b>[0;32mOK<1b>[0m
test-is.nloptr.R.............. 17 tests <1b>[0;32mOK<1b>[0m
test-is.nloptr.R.............. 18 tests <1b>[0;32mOK<1b>[0m
test-is.nloptr.R.............. 18 tests <1b>[0;32mOK<1b>[0m
test-is.nloptr.R.............. 19 tests <1b>[0;32mOK<1b>[0m
test-is.nloptr.R.............. 20 tests <1b>[0;32mOK<1b>[0m
test-is.nloptr.R.............. 20 tests <1b>[0;32mOK<1b>[0m
test-is.nloptr.R.............. 21 tests <1b>[0;32mOK<1b>[0m
test-is.nloptr.R.............. 21 tests <1b>[0;32mOK<1b>[0m
test-is.nloptr.R.............. 22 tests <1b>[0;32mOK<1b>[0m Error: nlopt_add_inequality_mconstraint returned NLOPT_INVALID_ARGS.
test-is.nloptr.R.............. 23 tests <1b>[0;32mOK<1b>[0m
test-is.nloptr.R.............. 24 tests <1b>[0;32mOK<1b>[0m
test-is.nloptr.R.............. 24 tests <1b>[0;32mOK<1b>[0m
test-is.nloptr.R.............. 25 tests <1b>[0;32mOK<1b>[0m
test-is.nloptr.R.............. 26 tests <1b>[0;32mOK<1b>[0m
test-is.nloptr.R.............. 26 tests <1b>[0;32mOK<1b>[0m
test-is.nloptr.R.............. 27 tests <1b>[0;32mOK<1b>[0m
test-is.nloptr.R.............. 27 tests <1b>[0;32mOK<1b>[0m
test-is.nloptr.R.............. 28 tests <1b>[0;32mOK<1b>[0m
test-is.nloptr.R.............. 29 tests <1b>[0;32mOK<1b>[0m
test-is.nloptr.R.............. 30 tests <1b>[0;32mOK<1b>[0m
test-is.nloptr.R.............. 31 tests <1b>[0;32mOK<1b>[0m
test-is.nloptr.R.............. 32 tests <1b>[0;32mOK<1b>[0m
test-is.nloptr.R.............. 33 tests <1b>[0;32mOK<1b>[0m
test-is.nloptr.R.............. 34 tests <1b>[0;32mOK<1b>[0m <1b>[0;34m0.2s<1b>[0m
test-nloptions.R.............. 0 tests
test-nloptions.R.............. 0 tests
test-nloptions.R.............. 0 tests
test-nloptions.R.............. 0 tests
test-nloptions.R.............. 1 tests <1b>[0;32mOK<1b>[0m
test-nloptions.R.............. 2 tests <1b>[0;32mOK<1b>[0m
test-nloptions.R.............. 3 tests <1b>[0;32mOK<1b>[0m
test-nloptions.R.............. 3 tests <1b>[0;32mOK<1b>[0m
test-nloptions.R.............. 3 tests <1b>[0;32mOK<1b>[0m
test-nloptions.R.............. 4 tests <1b>[0;32mOK<1b>[0m
test-nloptions.R.............. 5 tests <1b>[0;32mOK<1b>[0m <1b>[0;36m7ms<1b>[0m
test-nloptr.R................. 0 tests
test-nloptr.R................. 0 tests
test-nloptr.R................. 0 tests
test-nloptr.R................. 0 tests
test-nloptr.R................. 0 tests
test-nloptr.R................. 1 tests <1b>[0;32mOK<1b>[0m
test-nloptr.R................. 1 tests <1b>[0;32mOK<1b>[0m
test-nloptr.R................. 2 tests <1b>[0;32mOK<1b>[0m
test-nloptr.R................. 3 tests <1b>[0;32mOK<1b>[0m
test-nloptr.R................. 4 tests <1b>[0;32mOK<1b>[0m
test-nloptr.R................. 4 tests <1b>[0;32mOK<1b>[0m
test-nloptr.R................. 4 tests <1b>[0;32mOK<1b>[0m
test-nloptr.R................. 4 tests <1b>[0;32mOK<1b>[0m
test-nloptr.R................. 4 tests <1b>[0;32mOK<1b>[0m
test-nloptr.R................. 4 tests <1b>[0;32mOK<1b>[0m
test-nloptr.R................. 4 tests <1b>[0;32mOK<1b>[0m
test-nloptr.R................. 4 tests <1b>[0;32mOK<1b>[0m
test-nloptr.R................. 4 tests <1b>[0;32mOK<1b>[0m
test-nloptr.R................. 5 tests <1b>[0;32mOK<1b>[0m
test-nloptr.R................. 6 tests <1b>[0;32mOK<1b>[0m
test-nloptr.R................. 7 tests <1b>[0;32mOK<1b>[0m
test-nloptr.R................. 8 tests <1b>[0;32mOK<1b>[0m
test-nloptr.R................. 8 tests <1b>[0;32mOK<1b>[0m
test-nloptr.R................. 8 tests <1b>[0;32mOK<1b>[0m
test-nloptr.R................. 9 tests <1b>[0;32mOK<1b>[0m
test-nloptr.R................. 10 tests <1b>[0;32mOK<1b>[0m
test-nloptr.R................. 11 tests <1b>[0;32mOK<1b>[0m
test-nloptr.R................. 12 tests <1b>[0;32mOK<1b>[0m
test-nloptr.R................. 12 tests <1b>[0;32mOK<1b>[0m Error in nloptr(5, fn, lb = lb, ub = ub, opts = c(alg, ctl)) :
STRING_ELT() can only be applied to a 'character vector', not a 'NULL'
Calls: <Anonymous> ... run_test_dir -> lapply -> FUN -> eval -> eval -> nloptr
Execution halted
Flavor: r-devel-linux-x86_64-fedora-clang
Version: 2.1.1
Check: tests
Result: ERROR
Running ‘tinytest.R’
Running the tests in ‘tests/tinytest.R’ failed.
Complete output:
> if (requireNamespace("tinytest", quietly = TRUE)) {
+ tinytest::test_package("nloptr")
+ }
test-banana-global.R.......... 0 tests
test-banana-global.R.......... 0 tests
test-banana-global.R.......... 0 tests
test-banana-global.R.......... 0 tests
test-banana-global.R.......... 0 tests
test-banana-global.R.......... 0 tests
test-banana-global.R.......... 0 tests
test-banana-global.R.......... 0 tests
test-banana-global.R.......... 0 tests
test-banana-global.R.......... 0 tests
test-banana-global.R.......... 1 tests <1b>[0;32mOK<1b>[0m
test-banana-global.R.......... 2 tests <1b>[0;32mOK<1b>[0m
test-banana-global.R.......... 2 tests <1b>[0;32mOK<1b>[0m
test-banana-global.R.......... 2 tests <1b>[0;32mOK<1b>[0m
test-banana-global.R.......... 3 tests <1b>[0;31m1 fails<1b>[0m
test-banana-global.R.......... 4 tests <1b>[0;31m2 fails<1b>[0m
test-banana-global.R.......... 4 tests <1b>[0;31m2 fails<1b>[0m
test-banana-global.R.......... 4 tests <1b>[0;31m2 fails<1b>[0m
test-banana-global.R.......... 4 tests <1b>[0;31m2 fails<1b>[0m
test-banana-global.R.......... 4 tests <1b>[0;31m2 fails<1b>[0m
test-banana-global.R.......... 4 tests <1b>[0;31m2 fails<1b>[0m
test-banana-global.R.......... 4 tests <1b>[0;31m2 fails<1b>[0m
test-banana-global.R.......... 5 tests <1b>[0;31m3 fails<1b>[0m
test-banana-global.R.......... 6 tests <1b>[0;31m4 fails<1b>[0m
test-banana-global.R.......... 7 tests <1b>[0;31m5 fails<1b>[0m
test-banana-global.R.......... 8 tests <1b>[0;31m6 fails<1b>[0m
test-banana-global.R.......... 9 tests <1b>[0;31m7 fails<1b>[0m
test-banana-global.R.......... 10 tests <1b>[0;31m8 fails<1b>[0m
test-banana-global.R.......... 11 tests <1b>[0;31m8 fails<1b>[0m
test-banana-global.R.......... 12 tests <1b>[0;31m8 fails<1b>[0m
test-banana-global.R.......... 13 tests <1b>[0;31m8 fails<1b>[0m
test-banana-global.R.......... 14 tests <1b>[0;31m8 fails<1b>[0m <1b>[0;34m4.3s<1b>[0m
test-banana.R................. 0 tests
test-banana.R................. 0 tests
test-banana.R................. 0 tests
test-banana.R................. 0 tests
test-banana.R................. 0 tests
test-banana.R................. 0 tests
test-banana.R................. 0 tests
test-banana.R................. 1 tests <1b>[0;31m1 fails<1b>[0m
test-banana.R................. 2 tests <1b>[0;31m2 fails<1b>[0m
test-banana.R................. 2 tests <1b>[0;31m2 fails<1b>[0m
test-banana.R................. 2 tests <1b>[0;31m2 fails<1b>[0m
test-banana.R................. 3 tests <1b>[0;31m3 fails<1b>[0m
test-banana.R................. 4 tests <1b>[0;31m4 fails<1b>[0m <1b>[0;34m0.2s<1b>[0m
test-check.derivatives.R...... 0 tests
test-check.derivatives.R...... 0 tests
test-check.derivatives.R...... 0 tests
test-check.derivatives.R...... 0 tests
test-check.derivatives.R...... 1 tests <1b>[0;32mOK<1b>[0m
test-check.derivatives.R...... 2 tests <1b>[0;32mOK<1b>[0m
test-check.derivatives.R...... 3 tests <1b>[0;32mOK<1b>[0m
test-check.derivatives.R...... 4 tests <1b>[0;32mOK<1b>[0m <1b>[0;36m36ms<1b>[0m
test-derivative-checker.R..... 0 tests
test-derivative-checker.R..... 0 tests
test-derivative-checker.R..... 0 tests
test-derivative-checker.R..... 0 tests
test-derivative-checker.R..... 0 tests
test-derivative-checker.R..... 1 tests <1b>[0;32mOK<1b>[0m
test-derivative-checker.R..... 2 tests <1b>[0;32mOK<1b>[0m
test-derivative-checker.R..... 2 tests <1b>[0;32mOK<1b>[0m
test-derivative-checker.R..... 2 tests <1b>[0;32mOK<1b>[0m
test-derivative-checker.R..... 2 tests <1b>[0;32mOK<1b>[0m
test-derivative-checker.R..... 3 tests <1b>[0;32mOK<1b>[0m
test-derivative-checker.R..... 3 tests <1b>[0;32mOK<1b>[0m
test-derivative-checker.R..... 4 tests <1b>[0;32mOK<1b>[0m
test-derivative-checker.R..... 4 tests <1b>[0;32mOK<1b>[0m
test-derivative-checker.R..... 4 tests <1b>[0;32mOK<1b>[0m
test-derivative-checker.R..... 5 tests <1b>[0;32mOK<1b>[0m
test-derivative-checker.R..... 5 tests <1b>[0;32mOK<1b>[0m
test-derivative-checker.R..... 5 tests <1b>[0;32mOK<1b>[0m
test-derivative-checker.R..... 5 tests <1b>[0;32mOK<1b>[0m
test-derivative-checker.R..... 6 tests <1b>[0;32mOK<1b>[0m <1b>[0;36m30ms<1b>[0m
test-example.R................ 0 tests
test-example.R................ 0 tests
test-example.R................ 0 tests
test-example.R................ 0 tests
test-example.R................ 0 tests
test-example.R................ 0 tests
test-example.R................ 0 tests
test-example.R................ 0 tests
test-example.R................ 0 tests
test-example.R................ 0 tests
test-example.R................ 0 tests
test-example.R................ 0 tests
test-example.R................ 1 tests <1b>[0;31m1 fails<1b>[0m Error: nlopt_add_inequality_mconstraint returned NLOPT_INVALID_ARGS.
test-example.R................ 1 tests <1b>[0;31m1 fails<1b>[0m
test-example.R................ 2 tests <1b>[0;31m2 fails<1b>[0m
test-example.R................ 2 tests <1b>[0;31m2 fails<1b>[0m
test-example.R................ 3 tests <1b>[0;31m3 fails<1b>[0m <1b>[0;34m0.2s<1b>[0m
test-gradients.R.............. 0 tests
test-gradients.R.............. 0 tests
test-gradients.R.............. 0 tests
test-gradients.R.............. 0 tests
test-gradients.R.............. 1 tests <1b>[0;32mOK<1b>[0m
test-gradients.R.............. 2 tests <1b>[0;32mOK<1b>[0m
test-gradients.R.............. 3 tests <1b>[0;32mOK<1b>[0m
test-gradients.R.............. 4 tests <1b>[0;32mOK<1b>[0m
test-gradients.R.............. 4 tests <1b>[0;32mOK<1b>[0m
test-gradients.R.............. 4 tests <1b>[0;32mOK<1b>[0m
test-gradients.R.............. 4 tests <1b>[0;32mOK<1b>[0m
test-gradients.R.............. 5 tests <1b>[0;32mOK<1b>[0m
test-gradients.R.............. 5 tests <1b>[0;32mOK<1b>[0m
test-gradients.R.............. 5 tests <1b>[0;32mOK<1b>[0m
test-gradients.R.............. 5 tests <1b>[0;32mOK<1b>[0m
test-gradients.R.............. 6 tests <1b>[0;32mOK<1b>[0m <1b>[0;36m23ms<1b>[0m
test-hs023.R.................. 0 tests
test-hs023.R.................. 0 tests
test-hs023.R.................. 0 tests
test-hs023.R.................. 0 tests
test-hs023.R.................. 0 tests
test-hs023.R.................. 0 tests
test-hs023.R.................. 0 tests
test-hs023.R.................. 0 tests
test-hs023.R.................. 0 tests
test-hs023.R.................. 1 tests <1b>[0;32mOK<1b>[0m
test-hs023.R.................. 2 tests <1b>[0;32mOK<1b>[0m
test-hs023.R.................. 3 tests <1b>[0;32mOK<1b>[0m
test-hs023.R.................. 4 tests <1b>[0;32mOK<1b>[0m <1b>[0;34m0.2s<1b>[0m
test-hs071.R.................. 0 tests
test-hs071.R.................. 0 tests
test-hs071.R.................. 0 tests
test-hs071.R.................. 0 tests
test-hs071.R.................. 0 tests
test-hs071.R.................. 0 tests
test-hs071.R.................. 0 tests
test-hs071.R.................. 0 tests
test-hs071.R.................. 0 tests
test-hs071.R.................. 0 tests
test-hs071.R.................. 0 tests
test-hs071.R.................. 1 tests <1b>[0;31m1 fails<1b>[0m
test-hs071.R.................. 2 tests <1b>[0;31m1 fails<1b>[0m
test-hs071.R.................. 3 tests <1b>[0;31m1 fails<1b>[0m
test-hs071.R.................. 4 tests <1b>[0;31m1 fails<1b>[0m
test-hs071.R.................. 5 tests <1b>[0;31m2 fails<1b>[0m <1b>[0;34m0.4s<1b>[0m
test-is.nloptr.R.............. 0 tests
test-is.nloptr.R.............. 0 tests
test-is.nloptr.R.............. 0 tests
test-is.nloptr.R.............. 1 tests <1b>[0;32mOK<1b>[0m
test-is.nloptr.R.............. 2 tests <1b>[0;32mOK<1b>[0m
test-is.nloptr.R.............. 2 tests <1b>[0;32mOK<1b>[0m
test-is.nloptr.R.............. 3 tests <1b>[0;32mOK<1b>[0m
test-is.nloptr.R.............. 4 tests <1b>[0;32mOK<1b>[0m
test-is.nloptr.R.............. 5 tests <1b>[0;32mOK<1b>[0m
test-is.nloptr.R.............. 6 tests <1b>[0;32mOK<1b>[0m
test-is.nloptr.R.............. 7 tests <1b>[0;32mOK<1b>[0m
test-is.nloptr.R.............. 8 tests <1b>[0;32mOK<1b>[0m
test-is.nloptr.R.............. 8 tests <1b>[0;32mOK<1b>[0m
test-is.nloptr.R.............. 9 tests <1b>[0;32mOK<1b>[0m
test-is.nloptr.R.............. 9 tests <1b>[0;32mOK<1b>[0m
test-is.nloptr.R.............. 9 tests <1b>[0;32mOK<1b>[0m
test-is.nloptr.R.............. 10 tests <1b>[0;32mOK<1b>[0m
test-is.nloptr.R.............. 10 tests <1b>[0;32mOK<1b>[0m
test-is.nloptr.R.............. 11 tests <1b>[0;32mOK<1b>[0m
test-is.nloptr.R.............. 11 tests <1b>[0;32mOK<1b>[0m
test-is.nloptr.R.............. 12 tests <1b>[0;32mOK<1b>[0m
test-is.nloptr.R.............. 13 tests <1b>[0;32mOK<1b>[0m
test-is.nloptr.R.............. 14 tests <1b>[0;32mOK<1b>[0m
test-is.nloptr.R.............. 15 tests <1b>[0;32mOK<1b>[0m
test-is.nloptr.R.............. 16 tests <1b>[0;32mOK<1b>[0m
test-is.nloptr.R.............. 17 tests <1b>[0;32mOK<1b>[0m
test-is.nloptr.R.............. 17 tests <1b>[0;32mOK<1b>[0m
test-is.nloptr.R.............. 17 tests <1b>[0;32mOK<1b>[0m
test-is.nloptr.R.............. 17 tests <1b>[0;32mOK<1b>[0m
test-is.nloptr.R.............. 17 tests <1b>[0;32mOK<1b>[0m
test-is.nloptr.R.............. 17 tests <1b>[0;32mOK<1b>[0m
test-is.nloptr.R.............. 17 tests <1b>[0;32mOK<1b>[0m
test-is.nloptr.R.............. 17 tests <1b>[0;32mOK<1b>[0m
test-is.nloptr.R.............. 17 tests <1b>[0;32mOK<1b>[0m
test-is.nloptr.R.............. 17 tests <1b>[0;32mOK<1b>[0m
test-is.nloptr.R.............. 17 tests <1b>[0;32mOK<1b>[0m
test-is.nloptr.R.............. 17 tests <1b>[0;32mOK<1b>[0m
test-is.nloptr.R.............. 17 tests <1b>[0;32mOK<1b>[0m
test-is.nloptr.R.............. 17 tests <1b>[0;32mOK<1b>[0m
test-is.nloptr.R.............. 17 tests <1b>[0;32mOK<1b>[0m
test-is.nloptr.R.............. 17 tests <1b>[0;32mOK<1b>[0m
test-is.nloptr.R.............. 17 tests <1b>[0;32mOK<1b>[0m
test-is.nloptr.R.............. 17 tests <1b>[0;32mOK<1b>[0m
test-is.nloptr.R.............. 18 tests <1b>[0;32mOK<1b>[0m
test-is.nloptr.R.............. 18 tests <1b>[0;32mOK<1b>[0m
test-is.nloptr.R.............. 19 tests <1b>[0;32mOK<1b>[0m
test-is.nloptr.R.............. 20 tests <1b>[0;32mOK<1b>[0m
test-is.nloptr.R.............. 20 tests <1b>[0;32mOK<1b>[0m
test-is.nloptr.R.............. 21 tests <1b>[0;32mOK<1b>[0m
test-is.nloptr.R.............. 21 tests <1b>[0;32mOK<1b>[0m
test-is.nloptr.R.............. 22 tests <1b>[0;32mOK<1b>[0m Error: nlopt_add_inequality_mconstraint returned NLOPT_INVALID_ARGS.
test-is.nloptr.R.............. 23 tests <1b>[0;32mOK<1b>[0m
test-is.nloptr.R.............. 24 tests <1b>[0;32mOK<1b>[0m
test-is.nloptr.R.............. 24 tests <1b>[0;32mOK<1b>[0m
test-is.nloptr.R.............. 25 tests <1b>[0;32mOK<1b>[0m
test-is.nloptr.R.............. 26 tests <1b>[0;32mOK<1b>[0m
test-is.nloptr.R.............. 26 tests <1b>[0;32mOK<1b>[0m
test-is.nloptr.R.............. 27 tests <1b>[0;32mOK<1b>[0m
test-is.nloptr.R.............. 27 tests <1b>[0;32mOK<1b>[0m
test-is.nloptr.R.............. 28 tests <1b>[0;32mOK<1b>[0m
test-is.nloptr.R.............. 29 tests <1b>[0;32mOK<1b>[0m
test-is.nloptr.R.............. 30 tests <1b>[0;32mOK<1b>[0m
test-is.nloptr.R.............. 31 tests <1b>[0;32mOK<1b>[0m
test-is.nloptr.R.............. 32 tests <1b>[0;32mOK<1b>[0m
test-is.nloptr.R.............. 33 tests <1b>[0;32mOK<1b>[0m
test-is.nloptr.R.............. 34 tests <1b>[0;32mOK<1b>[0m <1b>[0;34m0.3s<1b>[0m
test-nloptions.R.............. 0 tests
test-nloptions.R.............. 0 tests
test-nloptions.R.............. 0 tests
test-nloptions.R.............. 0 tests
test-nloptions.R.............. 1 tests <1b>[0;32mOK<1b>[0m
test-nloptions.R.............. 2 tests <1b>[0;32mOK<1b>[0m
test-nloptions.R.............. 3 tests <1b>[0;32mOK<1b>[0m
test-nloptions.R.............. 3 tests <1b>[0;32mOK<1b>[0m
test-nloptions.R.............. 3 tests <1b>[0;32mOK<1b>[0m
test-nloptions.R.............. 4 tests <1b>[0;32mOK<1b>[0m
test-nloptions.R.............. 5 tests <1b>[0;32mOK<1b>[0m <1b>[0;36m6ms<1b>[0m
test-nloptr.R................. 0 tests
test-nloptr.R................. 0 tests
test-nloptr.R................. 0 tests
test-nloptr.R................. 0 tests
test-nloptr.R................. 0 tests
test-nloptr.R................. 1 tests <1b>[0;32mOK<1b>[0m
test-nloptr.R................. 1 tests <1b>[0;32mOK<1b>[0m
test-nloptr.R................. 2 tests <1b>[0;32mOK<1b>[0m
test-nloptr.R................. 3 tests <1b>[0;32mOK<1b>[0m
test-nloptr.R................. 4 tests <1b>[0;32mOK<1b>[0m
test-nloptr.R................. 4 tests <1b>[0;32mOK<1b>[0m
test-nloptr.R................. 4 tests <1b>[0;32mOK<1b>[0m
test-nloptr.R................. 4 tests <1b>[0;32mOK<1b>[0m
test-nloptr.R................. 4 tests <1b>[0;32mOK<1b>[0m
test-nloptr.R................. 4 tests <1b>[0;32mOK<1b>[0m
test-nloptr.R................. 4 tests <1b>[0;32mOK<1b>[0m
test-nloptr.R................. 4 tests <1b>[0;32mOK<1b>[0m
test-nloptr.R................. 4 tests <1b>[0;32mOK<1b>[0m
test-nloptr.R................. 5 tests <1b>[0;32mOK<1b>[0m
test-nloptr.R................. 6 tests <1b>[0;32mOK<1b>[0m
test-nloptr.R................. 7 tests <1b>[0;32mOK<1b>[0m
test-nloptr.R................. 8 tests <1b>[0;32mOK<1b>[0m
test-nloptr.R................. 8 tests <1b>[0;32mOK<1b>[0m
test-nloptr.R................. 8 tests <1b>[0;32mOK<1b>[0m
test-nloptr.R................. 9 tests <1b>[0;32mOK<1b>[0m
test-nloptr.R................. 10 tests <1b>[0;32mOK<1b>[0m
test-nloptr.R................. 11 tests <1b>[0;32mOK<1b>[0m
test-nloptr.R................. 12 tests <1b>[0;32mOK<1b>[0m
test-nloptr.R................. 12 tests <1b>[0;32mOK<1b>[0m Error in nloptr(5, fn, lb = lb, ub = ub, opts = c(alg, ctl)) :
STRING_ELT() can only be applied to a 'character vector', not a 'NULL'
Calls: <Anonymous> ... run_test_dir -> lapply -> FUN -> eval -> eval -> nloptr
Execution halted
Flavor: r-devel-linux-x86_64-fedora-gcc