Last updated on 2025-05-12 14:49:04 CEST.
Flavor | Version | Tinstall | Tcheck | Ttotal | Status | Flags |
---|---|---|---|---|---|---|
r-devel-linux-x86_64-debian-clang | 0.3 | 63.79 | 332.64 | 396.43 | NOTE | |
r-devel-linux-x86_64-debian-gcc | 0.3 | 33.84 | 211.27 | 245.11 | NOTE | |
r-devel-linux-x86_64-fedora-clang | 0.3 | 625.79 | OK | |||
r-devel-linux-x86_64-fedora-gcc | 0.3 | 654.03 | OK | |||
r-devel-windows-x86_64 | 0.3 | 51.00 | 275.00 | 326.00 | OK | |
r-patched-linux-x86_64 | 0.3 | 60.55 | 310.66 | 371.21 | OK | |
r-release-linux-x86_64 | 0.3 | 57.82 | 308.61 | 366.43 | OK | |
r-release-macos-arm64 | 0.3 | 139.00 | OK | |||
r-release-macos-x86_64 | 0.3 | 342.00 | OK | |||
r-release-windows-x86_64 | 0.3 | 55.00 | 281.00 | 336.00 | OK | |
r-oldrel-macos-arm64 | 0.3 | 146.00 | NOTE | |||
r-oldrel-macos-x86_64 | 0.3 | 252.00 | NOTE | |||
r-oldrel-windows-x86_64 | 0.3 | 77.00 | 353.00 | 430.00 | NOTE |
Version: 0.3
Check: CRAN incoming feasibility
Result: NOTE
Maintainer: ‘Jin Liu <Veronica.Liu0206@gmail.com>’
The Description field contains
<arXiv:2302.03237v2>.
Please refer to arXiv e-prints via their arXiv DOI <doi:10.48550/arXiv.YYMM.NNNNN>.
Flavors: r-devel-linux-x86_64-debian-clang, r-devel-linux-x86_64-debian-gcc
Version: 0.3
Check: installed package size
Result: NOTE
installed size is 6.2Mb
sub-directories of 1Mb or more:
doc 1.2Mb
extdata 3.7Mb
Flavors: r-oldrel-macos-arm64, r-oldrel-macos-x86_64, r-oldrel-windows-x86_64