Last updated on 2024-05-21 14:57:18 CEST.
Flavor | Version | Tinstall | Tcheck | Ttotal | Status | Flags |
---|---|---|---|---|---|---|
r-devel-linux-x86_64-debian-clang | 1.2-2.2 | 13.15 | 111.67 | 124.82 | NOTE | |
r-devel-linux-x86_64-debian-gcc | 1.2-2.2 | 11.37 | 79.95 | 91.32 | NOTE | |
r-devel-linux-x86_64-fedora-clang | 1.2-2.2 | 152.26 | NOTE | |||
r-devel-linux-x86_64-fedora-gcc | 1.2-2.2 | 148.36 | NOTE | |||
r-devel-windows-x86_64 | 1.2-2.2 | 11.00 | 102.00 | 113.00 | NOTE | |
r-patched-linux-x86_64 | 1.2-2.2 | 13.93 | 107.23 | 121.16 | NOTE | |
r-release-linux-x86_64 | 1.2-2.2 | 12.79 | 103.54 | 116.33 | NOTE | |
r-release-macos-arm64 | 1.2-2.2 | 41.00 | NOTE | |||
r-release-windows-x86_64 | 1.2-2.2 | 11.00 | 100.00 | 111.00 | NOTE | |
r-oldrel-macos-arm64 | 1.2-2.2 | 46.00 | NOTE | |||
r-oldrel-macos-x86_64 | 1.2-2.2 | 78.00 | NOTE | |||
r-oldrel-windows-x86_64 | 1.2-2.2 | 15.00 | 117.00 | 132.00 | NOTE |
Version: 1.2-2.2
Check: Rd files
Result: NOTE
checkRd: (-1) Dmean.Rd:62: Escaped LaTeX specials: \&
checkRd: (-1) Dvar.Rd:63: Escaped LaTeX specials: \&
Flavors: r-devel-linux-x86_64-debian-clang, r-devel-linux-x86_64-debian-gcc, r-devel-linux-x86_64-fedora-clang, r-devel-linux-x86_64-fedora-gcc, r-devel-windows-x86_64, r-patched-linux-x86_64, r-release-linux-x86_64, r-release-macos-arm64, r-release-windows-x86_64, r-oldrel-macos-arm64, r-oldrel-macos-x86_64, r-oldrel-windows-x86_64
Version: 1.2-2.2
Check: package dependencies
Result: NOTE
Package suggested but not available for checking: ‘csampling’
Flavor: r-oldrel-macos-x86_64
Version: 1.2-2.2
Check: Rd cross-references
Result: NOTE
Package unavailable to check Rd xrefs: ‘csampling’
Flavor: r-oldrel-macos-x86_64