CRAN Package Check Results for Package nlsem

Last updated on 2025-02-21 02:52:19 CET.

Flavor Version Tinstall Tcheck Ttotal Status Flags
r-devel-linux-x86_64-debian-clang 0.8-1 5.86 43.88 49.74 NOTE
r-devel-linux-x86_64-debian-gcc 0.8-1 3.66 32.76 36.42 NOTE
r-devel-linux-x86_64-fedora-clang 0.8-1 77.67 NOTE
r-devel-linux-x86_64-fedora-gcc 0.8-1 72.98 NOTE
r-devel-macos-arm64 0.8-1 26.00 NOTE
r-devel-macos-x86_64 0.8-1 42.00 NOTE
r-devel-windows-x86_64 0.8-1 6.00 69.00 75.00 NOTE
r-patched-linux-x86_64 0.8-1 5.31 41.44 46.75 NOTE
r-release-linux-x86_64 0.8-1 5.38 41.26 46.64 NOTE
r-release-macos-arm64 0.8-1 25.00 NOTE
r-release-macos-x86_64 0.8-1 50.00 NOTE
r-release-windows-x86_64 0.8-1 6.00 63.00 69.00 NOTE
r-oldrel-macos-arm64 0.8-1 28.00 OK
r-oldrel-macos-x86_64 0.8-1 58.00 OK
r-oldrel-windows-x86_64 0.8-1 8.00 67.00 75.00 OK

Check Details

Version: 0.8-1
Check: Rd files
Result: NOTE checkRd: (-1) anova.Rd:19: Lost braces 19 | Returns an object of class code{anova}. These objects represent | ^ Flavors: r-devel-linux-x86_64-debian-clang, r-devel-linux-x86_64-debian-gcc, r-devel-linux-x86_64-fedora-clang, r-devel-linux-x86_64-fedora-gcc, r-devel-macos-arm64, r-devel-macos-x86_64, r-devel-windows-x86_64, r-patched-linux-x86_64, r-release-linux-x86_64, r-release-macos-arm64, r-release-macos-x86_64, r-release-windows-x86_64