Last updated on 2025-02-21 02:52:19 CET.
Flavor | Version | Tinstall | Tcheck | Ttotal | Status | Flags |
---|---|---|---|---|---|---|
r-devel-linux-x86_64-debian-clang | 1.0.2 | 3.66 | 67.39 | 71.05 | OK | |
r-devel-linux-x86_64-debian-gcc | 1.0.2 | 2.47 | 46.96 | 49.43 | OK | |
r-devel-linux-x86_64-fedora-clang | 1.0.2 | 116.53 | OK | |||
r-devel-linux-x86_64-fedora-gcc | 1.0.2 | 122.72 | OK | |||
r-devel-macos-arm64 | 1.0.2 | 43.00 | OK | |||
r-devel-macos-x86_64 | 1.0.2 | 84.00 | OK | |||
r-devel-windows-x86_64 | 1.0.2 | 4.00 | 86.00 | 90.00 | OK | |
r-patched-linux-x86_64 | 1.0.2 | 3.05 | 62.02 | 65.07 | OK | |
r-release-linux-x86_64 | 1.0.2 | 3.76 | 61.29 | 65.05 | OK | |
r-release-macos-arm64 | 1.0.2 | 42.00 | NOTE | |||
r-release-macos-x86_64 | 1.0.2 | 63.00 | NOTE | |||
r-release-windows-x86_64 | 1.0.2 | 5.00 | 80.00 | 85.00 | NOTE | |
r-oldrel-macos-arm64 | 1.0.2 | 44.00 | NOTE | |||
r-oldrel-macos-x86_64 | 1.0.2 | 103.00 | NOTE | |||
r-oldrel-windows-x86_64 | 1.0.2 | 6.00 | 101.00 | 107.00 | NOTE |
Version: 1.0.2
Check: installed package size
Result: NOTE
installed size is 5.7Mb
sub-directories of 1Mb or more:
doc 5.5Mb
Flavors: r-release-macos-arm64, r-release-macos-x86_64, r-release-windows-x86_64, r-oldrel-macos-arm64, r-oldrel-macos-x86_64, r-oldrel-windows-x86_64