Last updated on 2025-05-23 14:50:06 CEST.
Flavor | Version | Tinstall | Tcheck | Ttotal | Status | Flags |
---|---|---|---|---|---|---|
r-devel-linux-x86_64-debian-clang | 0.1.6 | 10.69 | 147.93 | 158.62 | NOTE | |
r-devel-linux-x86_64-debian-gcc | 0.1.6 | 6.74 | 107.41 | 114.15 | NOTE | |
r-devel-linux-x86_64-fedora-clang | 0.1.6 | 224.43 | OK | |||
r-devel-linux-x86_64-fedora-gcc | 0.1.6 | 229.00 | OK | |||
r-devel-windows-x86_64 | 0.1.6 | 11.00 | 132.00 | 143.00 | OK | |
r-patched-linux-x86_64 | 0.1.6 | 11.11 | 138.12 | 149.23 | OK | |
r-release-linux-x86_64 | 0.1.6 | 9.99 | 138.63 | 148.62 | OK | |
r-release-macos-arm64 | 0.1.6 | 55.00 | OK | |||
r-release-macos-x86_64 | 0.1.6 | 97.00 | OK | |||
r-release-windows-x86_64 | 0.1.6 | 12.00 | 136.00 | 148.00 | OK | |
r-oldrel-macos-arm64 | 0.1.6 | 55.00 | OK | |||
r-oldrel-macos-x86_64 | 0.1.6 | 82.00 | OK | |||
r-oldrel-windows-x86_64 | 0.1.6 | 15.00 | 145.00 | 160.00 | OK |
Version: 0.1.6
Check: CRAN incoming feasibility
Result: NOTE
Maintainer: ‘David Phillippo <david.phillippo@bristol.ac.uk>’
Package CITATION file contains call(s) to old-style personList() or
as.personList(). Please use c() on person objects instead.
Package CITATION file contains call(s) to old-style citEntry(). Please
use bibentry() instead.
Flavors: r-devel-linux-x86_64-debian-clang, r-devel-linux-x86_64-debian-gcc