Last updated on 2025-02-21 02:52:19 CET.
Flavor | Version | Tinstall | Tcheck | Ttotal | Status | Flags |
---|---|---|---|---|---|---|
r-devel-linux-x86_64-debian-clang | 0.2.9 | 101.47 | 52.81 | 154.28 | OK | |
r-devel-linux-x86_64-debian-gcc | 0.2.9 | 79.51 | 38.77 | 118.28 | OK | |
r-devel-linux-x86_64-fedora-clang | 0.2.9 | 289.78 | OK | |||
r-devel-linux-x86_64-fedora-gcc | 0.2.9 | 321.62 | OK | |||
r-devel-macos-arm64 | 0.2.9 | 81.00 | OK | |||
r-devel-macos-x86_64 | 0.2.9 | 133.00 | OK | |||
r-devel-windows-x86_64 | 0.2.9 | 112.00 | 126.00 | 238.00 | OK | |
r-patched-linux-x86_64 | 0.2.9 | 113.21 | 49.45 | 162.66 | OK | |
r-release-linux-x86_64 | 0.2.9 | 118.30 | 49.65 | 167.95 | OK | |
r-release-macos-arm64 | 0.2.9 | 89.00 | NOTE | |||
r-release-macos-x86_64 | 0.2.9 | 91.00 | NOTE | |||
r-release-windows-x86_64 | 0.2.9 | 113.00 | 127.00 | 240.00 | OK | |
r-oldrel-macos-arm64 | 0.2.9 | 78.00 | NOTE | |||
r-oldrel-macos-x86_64 | 0.2.9 | 94.00 | NOTE | |||
r-oldrel-windows-x86_64 | 0.2.9 | 105.00 | 127.00 | 232.00 | OK |
Version: 0.2.9
Check: installed package size
Result: NOTE
installed size is 11.0Mb
sub-directories of 1Mb or more:
libs 10.4Mb
Flavors: r-release-macos-arm64, r-release-macos-x86_64, r-oldrel-macos-arm64, r-oldrel-macos-x86_64