Last updated on 2025-02-21 02:52:19 CET.
Flavor | Version | Tinstall | Tcheck | Ttotal | Status | Flags |
---|---|---|---|---|---|---|
r-devel-linux-x86_64-debian-clang | 0.4.0 | 13.63 | 187.66 | 201.29 | OK | |
r-devel-linux-x86_64-debian-gcc | 0.4.0 | 9.46 | 137.62 | 147.08 | OK | |
r-devel-linux-x86_64-fedora-clang | 0.4.0 | 309.99 | NOTE | |||
r-devel-linux-x86_64-fedora-gcc | 0.4.0 | 310.34 | NOTE | |||
r-devel-macos-arm64 | 0.4.0 | 112.00 | OK | |||
r-devel-macos-x86_64 | 0.4.0 | 333.00 | OK | |||
r-devel-windows-x86_64 | 0.4.0 | 14.00 | 204.00 | 218.00 | OK | |
r-patched-linux-x86_64 | 0.4.0 | 11.77 | 173.78 | 185.55 | OK | |
r-release-linux-x86_64 | 0.4.0 | 12.85 | 170.49 | 183.34 | OK | |
r-release-macos-arm64 | 0.4.0 | 99.00 | OK | |||
r-release-macos-x86_64 | 0.4.0 | 145.00 | OK | |||
r-release-windows-x86_64 | 0.4.0 | 14.00 | 192.00 | 206.00 | OK | |
r-oldrel-macos-arm64 | 0.4.0 | 113.00 | OK | |||
r-oldrel-macos-x86_64 | 0.4.0 | 187.00 | OK | |||
r-oldrel-windows-x86_64 | 0.4.0 | 19.00 | 239.00 | 258.00 | OK |
Version: 0.4.0
Check: dependencies in R code
Result: NOTE
Namespaces in Imports field not imported from:
‘dplyr’ ‘e1071’ ‘pROC’ ‘purrr’ ‘randomForest’ ‘rlang’
All declared Imports should be used.
Flavors: r-devel-linux-x86_64-fedora-clang, r-devel-linux-x86_64-fedora-gcc