Last updated on 2025-05-13 14:50:29 CEST.
Flavor | Version | Tinstall | Tcheck | Ttotal | Status | Flags |
---|---|---|---|---|---|---|
r-devel-linux-x86_64-debian-clang | 0.4.0 | 13.02 | 194.57 | 207.59 | OK | |
r-devel-linux-x86_64-debian-gcc | 0.4.0 | 10.31 | 144.05 | 154.36 | OK | |
r-devel-linux-x86_64-fedora-clang | 0.4.0 | 321.38 | NOTE | |||
r-devel-linux-x86_64-fedora-gcc | 0.4.0 | 336.54 | NOTE | |||
r-devel-windows-x86_64 | 0.4.0 | 15.00 | 199.00 | 214.00 | OK | |
r-patched-linux-x86_64 | 0.4.0 | 14.35 | 184.81 | 199.16 | OK | |
r-release-linux-x86_64 | 0.4.0 | 13.25 | 181.83 | 195.08 | OK | |
r-release-macos-arm64 | 0.4.0 | 107.00 | OK | |||
r-release-macos-x86_64 | 0.4.0 | 333.00 | OK | |||
r-release-windows-x86_64 | 0.4.0 | 15.00 | 198.00 | 213.00 | OK | |
r-oldrel-macos-arm64 | 0.4.0 | 99.00 | OK | |||
r-oldrel-macos-x86_64 | 0.4.0 | 145.00 | OK | |||
r-oldrel-windows-x86_64 | 0.4.0 | 20.00 | 241.00 | 261.00 | OK |
Version: 0.4.0
Check: dependencies in R code
Result: NOTE
Namespaces in Imports field not imported from:
‘dplyr’ ‘e1071’ ‘pROC’ ‘purrr’ ‘randomForest’ ‘rlang’
All declared Imports should be used.
Flavors: r-devel-linux-x86_64-fedora-clang, r-devel-linux-x86_64-fedora-gcc