Last updated on 2025-02-20 14:51:01 CET.
Flavor | Version | Tinstall | Tcheck | Ttotal | Status | Flags |
---|---|---|---|---|---|---|
r-devel-linux-x86_64-debian-clang | 0.8.0 | 24.03 | 69.03 | 93.06 | OK | |
r-devel-linux-x86_64-debian-gcc | 0.8.0 | 15.67 | 45.83 | 61.50 | OK | |
r-devel-linux-x86_64-fedora-clang | 0.8.0 | 152.70 | OK | |||
r-devel-linux-x86_64-fedora-gcc | 0.8.0 | 139.64 | OK | |||
r-devel-macos-arm64 | 0.8.0 | 38.00 | OK | |||
r-devel-macos-x86_64 | 0.8.0 | 78.00 | OK | |||
r-devel-windows-x86_64 | 0.8.0 | 25.00 | 113.00 | 138.00 | OK | |
r-patched-linux-x86_64 | 0.8.0 | 22.89 | 64.39 | 87.28 | OK | |
r-release-linux-x86_64 | 0.8.0 | 24.53 | 64.17 | 88.70 | OK | |
r-release-macos-arm64 | 0.8.0 | 38.00 | NOTE | |||
r-release-macos-x86_64 | 0.8.0 | 57.00 | NOTE | |||
r-release-windows-x86_64 | 0.8.0 | 26.00 | 104.00 | 130.00 | OK | |
r-oldrel-macos-arm64 | 0.8.0 | 41.00 | NOTE | |||
r-oldrel-macos-x86_64 | 0.8.0 | 70.00 | NOTE | |||
r-oldrel-windows-x86_64 | 0.8.0 | 31.00 | 137.00 | 168.00 | OK |
Version: 0.8.0
Check: package dependencies
Result: NOTE
Package suggested but not available for checking: ‘Rmpi’
Flavors: r-release-macos-arm64, r-release-macos-x86_64, r-oldrel-macos-arm64, r-oldrel-macos-x86_64