Last updated on 2025-02-21 02:52:19 CET.
Flavor | Version | Tinstall | Tcheck | Ttotal | Status | Flags |
---|---|---|---|---|---|---|
r-devel-linux-x86_64-debian-clang | 0.0.3 | 11.52 | 83.12 | 94.64 | OK | |
r-devel-linux-x86_64-debian-gcc | 0.0.3 | 7.12 | 60.21 | 67.33 | OK | |
r-devel-linux-x86_64-fedora-clang | 0.0.3 | 144.81 | NOTE | |||
r-devel-linux-x86_64-fedora-gcc | 0.0.3 | 134.29 | NOTE | |||
r-devel-macos-arm64 | 0.0.3 | 43.00 | OK | |||
r-devel-macos-x86_64 | 0.0.3 | 86.00 | OK | |||
r-devel-windows-x86_64 | 0.0.3 | 12.00 | 90.00 | 102.00 | OK | |
r-patched-linux-x86_64 | 0.0.3 | 8.81 | 75.40 | 84.21 | OK | |
r-release-linux-x86_64 | 0.0.3 | 9.90 | 74.89 | 84.79 | OK | |
r-release-macos-arm64 | 0.0.3 | 39.00 | OK | |||
r-release-macos-x86_64 | 0.0.3 | 113.00 | OK | |||
r-release-windows-x86_64 | 0.0.3 | 13.00 | 89.00 | 102.00 | OK | |
r-oldrel-macos-arm64 | 0.0.3 | 70.00 | OK | |||
r-oldrel-macos-x86_64 | 0.0.3 | 82.00 | OK | |||
r-oldrel-windows-x86_64 | 0.0.3 | 16.00 | 129.00 | 145.00 | OK |
Version: 0.0.3
Check: dependencies in R code
Result: NOTE
Namespace in Imports field not imported from: ‘xgboost’
All declared Imports should be used.
Flavors: r-devel-linux-x86_64-fedora-clang, r-devel-linux-x86_64-fedora-gcc