Last updated on 2025-02-21 02:52:19 CET.
Flavor | Version | Tinstall | Tcheck | Ttotal | Status | Flags |
---|---|---|---|---|---|---|
r-devel-linux-x86_64-debian-clang | 0.0.2 | 2.33 | 25.80 | 28.13 | NOTE | |
r-devel-linux-x86_64-debian-gcc | 0.0.2 | 2.06 | 20.36 | 22.42 | NOTE | |
r-devel-linux-x86_64-fedora-clang | 0.0.2 | 45.46 | NOTE | |||
r-devel-linux-x86_64-fedora-gcc | 0.0.2 | 43.58 | NOTE | |||
r-devel-macos-arm64 | 0.0.2 | 19.00 | NOTE | |||
r-devel-macos-x86_64 | 0.0.2 | 31.00 | NOTE | |||
r-devel-windows-x86_64 | 0.0.2 | 4.00 | 47.00 | 51.00 | NOTE | |
r-patched-linux-x86_64 | 0.0.2 | 2.31 | 24.80 | 27.11 | NOTE | |
r-release-linux-x86_64 | 0.0.2 | 2.66 | 24.67 | 27.33 | NOTE | |
r-release-macos-arm64 | 0.0.2 | 20.00 | NOTE | |||
r-release-macos-x86_64 | 0.0.2 | 27.00 | NOTE | |||
r-release-windows-x86_64 | 0.0.2 | 4.00 | 46.00 | 50.00 | NOTE | |
r-oldrel-macos-arm64 | 0.0.2 | 21.00 | NOTE | |||
r-oldrel-macos-x86_64 | 0.0.2 | 24.00 | NOTE | |||
r-oldrel-windows-x86_64 | 0.0.2 | 4.00 | 55.00 | 59.00 | NOTE |
Version: 0.0.2
Check: package subdirectories
Result: NOTE
Problems with news in ‘NEWS.md’:
No news entries found.
Flavors: r-devel-linux-x86_64-debian-clang, r-devel-linux-x86_64-debian-gcc, r-devel-linux-x86_64-fedora-clang, r-devel-linux-x86_64-fedora-gcc, r-devel-macos-arm64, r-devel-macos-x86_64, r-devel-windows-x86_64, r-patched-linux-x86_64, r-release-linux-x86_64, r-release-macos-arm64, r-release-macos-x86_64, r-release-windows-x86_64, r-oldrel-macos-arm64, r-oldrel-macos-x86_64, r-oldrel-windows-x86_64
Version: 0.0.2
Check: LazyData
Result: NOTE
'LazyData' is specified without a 'data' directory
Flavors: r-patched-linux-x86_64, r-release-linux-x86_64, r-release-macos-arm64, r-release-macos-x86_64, r-release-windows-x86_64, r-oldrel-macos-arm64, r-oldrel-macos-x86_64, r-oldrel-windows-x86_64