Last updated on 2024-05-21 14:57:18 CEST.
Flavor | Version | Tinstall | Tcheck | Ttotal | Status | Flags |
---|---|---|---|---|---|---|
r-devel-linux-x86_64-debian-clang | 0.1.4 | 2.53 | 36.09 | 38.62 | NOTE | |
r-devel-linux-x86_64-debian-gcc | 0.1.4 | 2.15 | 27.96 | 30.11 | NOTE | |
r-devel-linux-x86_64-fedora-clang | 0.1.4 | 52.00 | NOTE | |||
r-devel-linux-x86_64-fedora-gcc | 0.1.4 | 62.75 | NOTE | |||
r-devel-windows-x86_64 | 0.1.4 | 4.00 | 59.00 | 63.00 | NOTE | |
r-patched-linux-x86_64 | 0.1.4 | 3.61 | 35.44 | 39.05 | NOTE | |
r-release-linux-x86_64 | 0.1.4 | 2.58 | 35.69 | 38.27 | NOTE | |
r-release-macos-arm64 | 0.1.4 | 26.00 | NOTE | |||
r-release-windows-x86_64 | 0.1.4 | 3.00 | 58.00 | 61.00 | NOTE | |
r-oldrel-macos-arm64 | 0.1.4 | 25.00 | NOTE | |||
r-oldrel-macos-x86_64 | 0.1.4 | 37.00 | NOTE | |||
r-oldrel-windows-x86_64 | 0.1.4 | 4.00 | 61.00 | 65.00 | NOTE |
Version: 0.1.4
Check: Rd files
Result: NOTE
checkRd: (-1) xyz2R.Rd:31: Lost braces
31 | \item Finally, code{T} is rotated an angle \code{z} about its NEWEST z-axis.
| ^
Flavors: r-devel-linux-x86_64-debian-clang, r-devel-linux-x86_64-debian-gcc, r-devel-linux-x86_64-fedora-clang, r-devel-linux-x86_64-fedora-gcc, r-devel-windows-x86_64, r-patched-linux-x86_64, r-release-linux-x86_64, r-release-macos-arm64, r-release-windows-x86_64
Version: 0.1.4
Check: LazyData
Result: NOTE
'LazyData' is specified without a 'data' directory
Flavors: r-devel-linux-x86_64-debian-clang, r-devel-linux-x86_64-debian-gcc, r-devel-linux-x86_64-fedora-clang, r-devel-linux-x86_64-fedora-gcc, r-devel-windows-x86_64, r-patched-linux-x86_64, r-release-linux-x86_64, r-release-macos-arm64, r-release-windows-x86_64, r-oldrel-macos-arm64, r-oldrel-macos-x86_64, r-oldrel-windows-x86_64