Last updated on 2025-02-21 02:52:19 CET.
Flavor | Version | Tinstall | Tcheck | Ttotal | Status | Flags |
---|---|---|---|---|---|---|
r-devel-linux-x86_64-debian-clang | 1.0.3 | 73.06 | 118.83 | 191.89 | OK | |
r-devel-linux-x86_64-debian-gcc | 1.0.3 | 54.43 | 93.43 | 147.86 | OK | |
r-devel-linux-x86_64-fedora-clang | 1.0.3 | 336.83 | OK | |||
r-devel-linux-x86_64-fedora-gcc | 1.0.3 | 338.45 | OK | |||
r-devel-macos-arm64 | 1.0.3 | 67.00 | OK | |||
r-devel-macos-x86_64 | 1.0.3 | 139.00 | OK | |||
r-devel-windows-x86_64 | 1.0.3 | 96.00 | 141.00 | 237.00 | OK | |
r-patched-linux-x86_64 | 1.0.3 | 76.27 | 111.40 | 187.67 | OK | |
r-release-linux-x86_64 | 1.0.3 | 73.74 | 110.20 | 183.94 | OK | |
r-release-macos-arm64 | 1.0.3 | 87.00 | NOTE | |||
r-release-macos-x86_64 | 1.0.3 | 147.00 | NOTE | |||
r-release-windows-x86_64 | 1.0.3 | 96.00 | 144.00 | 240.00 | OK | |
r-oldrel-macos-arm64 | 1.0.1 | 83.00 | NOTE | |||
r-oldrel-macos-x86_64 | 1.0.3 | 128.00 | NOTE | |||
r-oldrel-windows-x86_64 | 1.0.3 | 113.00 | 177.00 | 290.00 | OK |
Version: 1.0.3
Check: installed package size
Result: NOTE
installed size is 6.1Mb
sub-directories of 1Mb or more:
libs 5.3Mb
Flavors: r-release-macos-arm64, r-release-macos-x86_64, r-oldrel-macos-x86_64
Version: 1.0.1
Check: installed package size
Result: NOTE
installed size is 6.1Mb
sub-directories of 1Mb or more:
libs 5.3Mb
Flavor: r-oldrel-macos-arm64