Last updated on 2025-02-21 02:52:19 CET.
Flavor | Version | Tinstall | Tcheck | Ttotal | Status | Flags |
---|---|---|---|---|---|---|
r-devel-linux-x86_64-debian-clang | 0.4.2 | 7.32 | 64.49 | 71.81 | NOTE | |
r-devel-linux-x86_64-debian-gcc | 0.4.2 | 5.59 | 46.71 | 52.30 | NOTE | |
r-devel-linux-x86_64-fedora-clang | 0.4.2 | 166.04 | NOTE | |||
r-devel-linux-x86_64-fedora-gcc | 0.4.2 | 170.18 | NOTE | |||
r-devel-macos-arm64 | 0.4.2 | 44.00 | OK | |||
r-devel-macos-x86_64 | 0.4.2 | 114.00 | NOTE | |||
r-devel-windows-x86_64 | 0.4.2 | 8.00 | 77.00 | 85.00 | NOTE | |
r-patched-linux-x86_64 | 0.4.2 | 7.55 | 58.56 | 66.11 | OK | |
r-release-linux-x86_64 | 0.4.2 | 6.34 | 58.90 | 65.24 | OK | |
r-release-macos-arm64 | 0.4.2 | 42.00 | OK | |||
r-release-macos-x86_64 | 0.4.2 | 58.00 | OK | |||
r-release-windows-x86_64 | 0.4.2 | 8.00 | 76.00 | 84.00 | OK | |
r-oldrel-macos-arm64 | 0.4.2 | 44.00 | OK | |||
r-oldrel-macos-x86_64 | 0.4.2 | 80.00 | OK | |||
r-oldrel-windows-x86_64 | 0.4.2 | 12.00 | 85.00 | 97.00 | OK |
Version: 0.4.2
Check: DESCRIPTION meta-information
Result: NOTE
Missing dependency on R >= 4.1.0 because package code uses the pipe
|> or function shorthand \(...) syntax added in R 4.1.0.
File(s) using such syntax:
‘duckdb_connection.R’ ‘get_database_functions.R’ ‘mysql_connection.R’
‘postgres_connection.R’ ‘snowflake_connection.R’
‘sqlite_connection.R’ ‘submit_query.R’ ‘vertica_connection.R’
Flavors: r-devel-linux-x86_64-debian-clang, r-devel-linux-x86_64-debian-gcc, r-devel-linux-x86_64-fedora-clang, r-devel-linux-x86_64-fedora-gcc, r-devel-macos-x86_64, r-devel-windows-x86_64