Last updated on 2025-02-21 02:52:19 CET.
Flavor | Version | Tinstall | Tcheck | Ttotal | Status | Flags |
---|---|---|---|---|---|---|
r-devel-linux-x86_64-debian-clang | 0.2.3 | 6.06 | 229.68 | 235.74 | NOTE | |
r-devel-linux-x86_64-debian-gcc | 0.2.3 | 4.48 | 145.15 | 149.63 | NOTE | |
r-devel-linux-x86_64-fedora-clang | 0.2.3 | 405.27 | NOTE | |||
r-devel-linux-x86_64-fedora-gcc | 0.2.3 | 399.42 | NOTE | |||
r-devel-macos-arm64 | 0.2.3 | 105.00 | OK | |||
r-devel-macos-x86_64 | 0.2.3 | 156.00 | OK | |||
r-devel-windows-x86_64 | 0.2.3 | 9.00 | 214.00 | 223.00 | NOTE | |
r-patched-linux-x86_64 | 0.2.3 | 6.77 | 209.87 | 216.64 | OK | |
r-release-linux-x86_64 | 0.2.3 | 6.23 | 207.93 | 214.16 | OK | |
r-release-macos-arm64 | 0.2.3 | 109.00 | OK | |||
r-release-macos-x86_64 | 0.2.3 | 226.00 | OK | |||
r-release-windows-x86_64 | 0.2.3 | 9.00 | 206.00 | 215.00 | OK | |
r-oldrel-macos-x86_64 | 0.2.3 | 198.00 | OK | |||
r-oldrel-windows-x86_64 | 0.2.3 | 11.00 | 269.00 | 280.00 | OK |
Version: 0.2.3
Check: DESCRIPTION meta-information
Result: NOTE
Missing dependency on R >= 4.2.0 because package code uses the pipe
placeholder syntax added in R 4.2.0.
File(s) using such syntax:
‘01-opIndicators.R’
Flavors: r-devel-linux-x86_64-debian-clang, r-devel-linux-x86_64-debian-gcc, r-devel-linux-x86_64-fedora-clang, r-devel-linux-x86_64-fedora-gcc, r-devel-windows-x86_64