Last updated on 2024-05-21 14:57:18 CEST.
Flavor | Version | Tinstall | Tcheck | Ttotal | Status | Flags |
---|---|---|---|---|---|---|
r-devel-linux-x86_64-debian-clang | 1.0.0 | 10.36 | 70.86 | 81.22 | OK | |
r-devel-linux-x86_64-debian-gcc | 1.0.0 | 7.13 | 51.39 | 58.52 | OK | |
r-devel-linux-x86_64-fedora-clang | 1.0.0 | 98.21 | NOTE | |||
r-devel-linux-x86_64-fedora-gcc | 1.0.0 | 90.93 | NOTE | |||
r-devel-windows-x86_64 | 1.0.0 | 9.00 | 75.00 | 84.00 | OK | |
r-patched-linux-x86_64 | 1.0.0 | 6.28 | 66.94 | 73.22 | OK | |
r-release-linux-x86_64 | 1.0.0 | 5.70 | 65.88 | 71.58 | OK | |
r-release-macos-arm64 | 1.0.0 | 28.00 | OK | |||
r-release-windows-x86_64 | 1.0.0 | 8.00 | 73.00 | 81.00 | OK | |
r-oldrel-macos-arm64 | 1.0.0 | 25.00 | OK | |||
r-oldrel-macos-x86_64 | 1.0.0 | 38.00 | OK | |||
r-oldrel-windows-x86_64 | 1.0.0 | 11.00 | 85.00 | 96.00 | OK |
Version: 1.0.0
Check: data for non-ASCII characters
Result: NOTE
Note: found 34 marked UTF-8 strings
Flavors: r-devel-linux-x86_64-fedora-clang, r-devel-linux-x86_64-fedora-gcc