Last updated on 2025-05-14 02:50:20 CEST.
Flavor | Version | Tinstall | Tcheck | Ttotal | Status | Flags |
---|---|---|---|---|---|---|
r-devel-linux-x86_64-debian-clang | 0.5.1 | 77.58 | 53.61 | 131.19 | OK | |
r-devel-linux-x86_64-debian-gcc | 0.5.1 | 54.04 | 33.50 | 87.54 | OK | |
r-devel-linux-x86_64-fedora-gcc | 0.5.1 | 285.99 | OK | |||
r-devel-windows-x86_64 | 0.5.1 | 102.00 | 332.00 | 434.00 | OK | |
r-patched-linux-x86_64 | 0.5.1 | 76.13 | 40.86 | 116.99 | OK | |
r-release-linux-x86_64 | 0.5.1 | 76.51 | 40.90 | 117.41 | OK | |
r-release-macos-arm64 | 0.5.1 | 62.00 | OK | |||
r-release-macos-x86_64 | 0.5.1 | 68.00 | OK | |||
r-release-windows-x86_64 | 0.5.1 | 104.00 | 328.00 | 432.00 | OK | |
r-oldrel-macos-arm64 | 0.5.1 | 64.00 | NOTE | |||
r-oldrel-macos-x86_64 | 0.5.1 | 94.00 | NOTE | |||
r-oldrel-windows-x86_64 | 0.5.1 | 93.00 | 230.00 | 323.00 | NOTE |
Version: 0.5.1
Check: installed package size
Result: NOTE
installed size is 31.3Mb
sub-directories of 1Mb or more:
libs 21.0Mb
share 10.2Mb
Flavors: r-oldrel-macos-arm64, r-oldrel-macos-x86_64, r-oldrel-windows-x86_64